{"id":977,"date":"2025-11-05T13:34:47","date_gmt":"2025-11-05T16:34:47","guid":{"rendered":"https:\/\/www.salavirtual.com.ar\/plataformaz\/?post_type=product&#038;p=977"},"modified":"2026-02-12T14:28:22","modified_gmt":"2026-02-12T17:28:22","slug":"curso-34-estudio-de-la-estabilidad-del-autoelevador","status":"publish","type":"product","link":"https:\/\/www.salavirtual.com.ar\/plataformaz\/producto\/curso-34-estudio-de-la-estabilidad-del-autoelevador\/","title":{"rendered":"CURSO #34: Estudio de la Estabilidad del Autoelevador. El Centro de Masa"},"content":{"rendered":"<p><span style=\"text-decoration: underline; color: #000000;\"><strong>Objetivo<\/strong><\/span><\/p>\r\n<p><span style=\"color: #000000;\"><!-- \/wp:post-content -->\r\n\r\n<!-- wp:paragraph --><\/span><\/p>\r\n<p><span style=\"color: #000000;\">Comprender el aspecto m\u00e1s importante y trascendente de la seguridad en la operaci\u00f3n de los autoelevadores, como lo es la conservaci\u00f3n de la estabilidad del veh\u00edculo a trav\u00e9s del estudio del movimiento del centro de gravedad o centro de masa.<\/span><\/p>\r\n<p><span style=\"color: #000000;\"><!-- \/wp:paragraph -->\r\n\r\n<!-- wp:paragraph --><\/span><\/p>\r\n<p><span style=\"text-decoration: underline; color: #000000;\"><strong>Metodolog\u00eda<\/strong><\/span><\/p>\r\n<p><span style=\"color: #000000;\"><!-- \/wp:paragraph -->\r\n\r\n<!-- wp:paragraph --><\/span><\/p>\r\n<p><span style=\"color: #000000;\">El curso est\u00e1 dividido en seis (6) m\u00f3dulos. Cada m\u00f3dulo trata un s\u00f3lo concepto de forma tal que progresivamente se pueda ir construyendo una idea del tema, adem\u00e1s, de poder ir progresando en el curso de a etapas cortas.<\/span><\/p>\r\n<p><span style=\"color: #000000;\"><!-- \/wp:paragraph -->\r\n\r\n<!-- wp:paragraph --><\/span><\/p>\r\n<p><span style=\"color: #000000;\">Cada tema tiene una evaluaci\u00f3n, que se puede hacer varias veces hasta aprobar, como condici\u00f3n para acceder al tema siguiente.<\/span><\/p>\r\n<p><span style=\"color: #000000;\"><!-- \/wp:paragraph -->\r\n\r\n<!-- wp:paragraph --><\/span><\/p>\r\n<p><span style=\"color: #000000;\">Est\u00e1n previstos dos (2) trabajos pr\u00e1cticos.<\/span><\/p>\r\n<p><span style=\"color: #000000;\"><!-- \/wp:paragraph -->\r\n\r\n<!-- wp:paragraph --><\/span><\/p>\r\n<p><span style=\"color: #000000;\">Cada actividad se debe aprobar con 6\/10.<\/span><\/p>\r\n<p><span style=\"color: #000000;\"><!-- \/wp:paragraph -->\r\n\r\n<!-- wp:paragraph --><\/span><\/p>\r\n<p><span style=\"text-decoration: underline; color: #000000;\"><strong>Dirigido<\/strong><\/span><\/p>\r\n<p><span style=\"color: #000000;\">Ingenieros\/Licenciados\/t\u00e9cnicos en Higiene y Seguridad en el Trabajo. Profesionales relacionados e interesados en la tem\u00e1tica. Operadores y conductores de\u00a0 autoelevadores.<\/span><\/p>\r\n<p><span style=\"color: #000000;\"><!-- \/wp:paragraph -->\r\n\r\n<!-- wp:paragraph --><\/span><\/p>\r\n<p><span style=\"text-decoration: underline; color: #000000;\"><strong>Requisitos<\/strong><\/span><\/p>\r\n<p><span style=\"color: #000000;\"><!-- \/wp:paragraph -->\r\n\r\n<!-- wp:paragraph --><\/span><\/p>\r\n<p><span style=\"color: #000000;\">Conocimientos del funcionamiento del autoelevador.<\/span><\/p>\r\n<p><span style=\"color: #000000;\"><!-- \/wp:paragraph -->\r\n\r\n<!-- wp:paragraph --><\/span><\/p>\r\n<p><span style=\"text-decoration: underline; color: #000000;\"><strong>Duraci\u00f3n del Curso<\/strong><\/span><\/p>\r\n<p><span style=\"color: #000000;\"><!-- \/wp:paragraph -->\r\n\r\n<!-- wp:paragraph --><\/span><\/p>\r\n<p><span style=\"color: #000000;\">Treinta (30) d\u00edas es el tiempo que permanece abierta el sal\u00f3n virtual.<\/span><\/p>\r\n<p><span style=\"color: #000000;\"><!-- \/wp:paragraph -->\r\n\r\n<!-- wp:paragraph --><\/span><\/p>\r\n<p><span style=\"text-decoration: underline; color: #000000;\"><strong>Temario<\/strong><\/span><\/p>\r\n<ul class=\"wp-block-list\"><!-- \/wp:paragraph -->\r\n\r\n<!-- wp:list-item -->\r\n<li id=\"yui_3_17_2_1_1762358882461_1381\"><span style=\"color: #000000;\">Centro de Masa y Centro de Gravedad de un Cuerpo.<\/span><\/li>\r\n<li id=\"yui_3_17_2_1_1762358882461_1382\"><span style=\"color: #000000;\">La Palanca.<\/span><\/li>\r\n<li id=\"yui_3_17_2_1_1762358882461_1383\"><span style=\"color: #000000;\">Estudio de la Estabilidad del Autoelevador.<\/span><\/li>\r\n<li id=\"yui_3_17_2_1_1762358882461_1384\"><span style=\"color: #000000;\">Modificaci\u00f3n de la Estabilidad.<\/span><\/li>\r\n<li id=\"yui_3_17_2_1_1762358882461_1385\"><span style=\"color: #000000;\">Movimientos que Desestabilizan el Autoelevador.<\/span><\/li>\r\n<li id=\"yui_3_17_2_1_1762358882461_1386\"><span style=\"color: #000000;\">\u00bfC\u00f3mo Evitar que El Autoelevador Vuelque?<\/span><\/li>\r\n<!-- \/wp:list-item --><\/ul>\r\n<p><span style=\"color: #000000;\"><!-- \/wp:list -->\r\n\r\n<!-- wp:paragraph --><\/span><\/p>\r\n<p><span style=\"text-decoration: underline; color: #000000;\"><strong>Docente y Moderador de la Sala<\/strong><\/span><\/p>\r\n<p><span style=\"color: #000000;\"><!-- \/wp:paragraph -->\r\n\r\n<!-- wp:paragraph --><\/span><\/p>\r\n<p><span style=\"color: #000000;\">Ing. N\u00e9stor Adolfo BOTTA. Consultas a\u00a0nestor.botta@redproteger.com.ar<\/span><\/p>\r\n<p><span style=\"color: #000000;\"><!-- \/wp:paragraph -->\r\n\r\n<!-- wp:paragraph --><\/span><\/p>\r\n<p><span style=\"text-decoration: underline; color: #000000;\"><strong>Modalidad<\/strong><\/span><\/p>\r\n<p><span style=\"color: #000000;\"><!-- \/wp:paragraph -->\r\n\r\n<!-- wp:paragraph --><\/span><\/p>\r\n<p><span style=\"color: #000000;\">El curso es del tipo virtual a distancia asincr\u00f3nico. Se puede ingresar al sal\u00f3n virtual en el momento que el alumno disponga de tiempo. No hay limitaciones de tiempo dentro del plazo para la culminaci\u00f3n del curso.<\/span><\/p>\r\n<p><span style=\"color: #000000;\"><!-- \/wp:paragraph -->\r\n\r\n<!-- wp:paragraph --><\/span><\/p>\r\n<p><span style=\"color: #000000;\">Se entrega material de lectura digital.<\/span><\/p>\r\n<p><span style=\"color: #000000;\"><!-- \/wp:paragraph -->\r\n\r\n<!-- wp:paragraph --><\/span><\/p>\r\n<p><span style=\"color: #000000;\">Se emite certificado de aprobado digital cuando se cumplan todas las actividades con una nota mayor a 6\/10.<\/span><\/p>\r\n<p><span style=\"color: #000000;\"><!-- \/wp:paragraph -->\r\n\r\n<!-- wp:paragraph --><\/span><\/p>\r\n<p><span style=\"text-decoration: underline; color: #000000;\"><strong>Ingreso a la Sala Virtual<\/strong><\/span><\/p>\r\n<p><span style=\"color: #000000;\"><!-- \/wp:paragraph -->\r\n\r\n<!-- wp:paragraph --><\/span><\/p>\r\n<p><span style=\"color: #000000;\">Una vez acreditado el pago, ser\u00e1 enviado en forma inmediata un email con las instrucciones y la clave de matriculaci\u00f3n para acceder a la Sala, para lo cual se deber\u00e1 realizar el registro en <a style=\"color: #000000;\" href=\"http:\/\/www.salavirtual.com.ar\">www.salavirtual.com.ar<\/a>.<\/span><\/p>\r\n<p><span style=\"color: #000000;\"><!-- \/wp:paragraph -->\r\n\r\n<!-- wp:paragraph --><!-- \/wp:paragraph -->\r\n\r\n<!-- wp:paragraph --><\/span><\/p>\r\n<p><span style=\"text-decoration: underline; color: #000000;\"><strong>Sobre la Facturaci\u00f3n<\/strong><\/span><\/p>\r\n<p><span style=\"color: #000000;\"><!-- \/wp:paragraph -->\r\n\r\n<!-- wp:paragraph --><\/span><\/p>\r\n<p><span style=\"color: #000000;\">Se emite factura tipo \u00abC\u00bb.<\/span><\/p>\r\n<p><span style=\"color: #000000;\">Opci\u00f3n de abonar en D\u00f3lares v\u00eda <strong><em>Paypal<\/em><\/strong> para los que no pueden abonar en pesos argentinos (solicitar link de pago a <a style=\"color: #000000;\" href=\"mailto:info@salavirtual.com.ar\">info@salavirtual.com.ar<\/a>).<\/span><\/p>\r\n<!-- \/wp:paragraph -->\r\n\r\n<!-- wp:paragraph -->","protected":false},"excerpt":{"rendered":"<p><span style=\"color: #000000;\">Comprender el aspecto m\u00e1s importante y trascendente de la seguridad en la operaci\u00f3n de los autoelevadores, como lo es la conservaci\u00f3n de la estabilidad del veh\u00edculo a trav\u00e9s del estudio del movimiento del centro de gravedad o centro de masa.<\/span><\/p>\n","protected":false},"featured_media":1167,"comment_status":"open","ping_status":"closed","template":"","meta":{"jetpack_publicize_message":"","jetpack_publicize_feature_enabled":true,"jetpack_social_post_already_shared":true,"jetpack_social_options":{"image_generator_settings":{"template":"highway","default_image_id":0,"font":"","enabled":false},"version":2}},"product_brand":[414],"product_cat":[438],"product_tag":[439,440],"class_list":{"0":"post-977","1":"product","2":"type-product","3":"status-publish","4":"has-post-thumbnail","6":"product_brand-redproteger","7":"product_cat-autoelevador","8":"product_tag-autoelevador","9":"product_tag-estabilidad","11":"first","12":"instock","13":"virtual","14":"purchasable","15":"product-type-simple"},"jetpack_publicize_connections":[],"jetpack_sharing_enabled":true,"jetpack_likes_enabled":true,"_links":{"self":[{"href":"https:\/\/www.salavirtual.com.ar\/plataformaz\/wp-json\/wp\/v2\/product\/977","targetHints":{"allow":["GET"]}}],"collection":[{"href":"https:\/\/www.salavirtual.com.ar\/plataformaz\/wp-json\/wp\/v2\/product"}],"about":[{"href":"https:\/\/www.salavirtual.com.ar\/plataformaz\/wp-json\/wp\/v2\/types\/product"}],"replies":[{"embeddable":true,"href":"https:\/\/www.salavirtual.com.ar\/plataformaz\/wp-json\/wp\/v2\/comments?post=977"}],"wp:featuredmedia":[{"embeddable":true,"href":"https:\/\/www.salavirtual.com.ar\/plataformaz\/wp-json\/wp\/v2\/media\/1167"}],"wp:attachment":[{"href":"https:\/\/www.salavirtual.com.ar\/plataformaz\/wp-json\/wp\/v2\/media?parent=977"}],"wp:term":[{"taxonomy":"product_brand","embeddable":true,"href":"https:\/\/www.salavirtual.com.ar\/plataformaz\/wp-json\/wp\/v2\/product_brand?post=977"},{"taxonomy":"product_cat","embeddable":true,"href":"https:\/\/www.salavirtual.com.ar\/plataformaz\/wp-json\/wp\/v2\/product_cat?post=977"},{"taxonomy":"product_tag","embeddable":true,"href":"https:\/\/www.salavirtual.com.ar\/plataformaz\/wp-json\/wp\/v2\/product_tag?post=977"}],"curies":[{"name":"wp","href":"https:\/\/api.w.org\/{rel}","templated":true}]}}

<p><span style="text-decoration: underline; color: #000000;"><strong>Objetivo</strong></span></p>
<p><span style="color: #000000;"><!-- /wp:post-content -->

<!-- wp:paragraph --></span></p>
<p><span style="color: #000000;">Comprender el aspecto más importante y trascendente de la seguridad en la operación de los autoelevadores, como lo es la conservación de la estabilidad del vehículo a través del estudio del movimiento del centro de gravedad o centro de masa.</span></p>
<p><span style="color: #000000;"><!-- /wp:paragraph -->

<!-- wp:paragraph --></span></p>
<p><span style="text-decoration: underline; color: #000000;"><strong>Metodología</strong></span></p>
<p><span style="color: #000000;"><!-- /wp:paragraph -->

<!-- wp:paragraph --></span></p>
<p><span style="color: #000000;">El curso está dividido en seis (6) módulos. Cada módulo trata un sólo concepto de forma tal que progresivamente se pueda ir construyendo una idea del tema, además, de poder ir progresando en el curso de a etapas cortas.</span></p>
<p><span style="color: #000000;"><!-- /wp:paragraph -->

<!-- wp:paragraph --></span></p>
<p><span style="color: #000000;">Cada tema tiene una evaluación, que se puede hacer varias veces hasta aprobar, como condición para acceder al tema siguiente.</span></p>
<p><span style="color: #000000;"><!-- /wp:paragraph -->

<!-- wp:paragraph --></span></p>
<p><span style="color: #000000;">Están previstos dos (2) trabajos prácticos.</span></p>
<p><span style="color: #000000;"><!-- /wp:paragraph -->

<!-- wp:paragraph --></span></p>
<p><span style="color: #000000;">Cada actividad se debe aprobar con 6/10.</span></p>
<p><span style="color: #000000;"><!-- /wp:paragraph -->

<!-- wp:paragraph --></span></p>
<p><span style="text-decoration: underline; color: #000000;"><strong>Dirigido</strong></span></p>
<p><span style="color: #000000;">Ingenieros/Licenciados/técnicos en Higiene y Seguridad en el Trabajo. Profesionales relacionados e interesados en la temática. Operadores y conductores de  autoelevadores.</span></p>
<p><span style="color: #000000;"><!-- /wp:paragraph -->

<!-- wp:paragraph --></span></p>
<p><span style="text-decoration: underline; color: #000000;"><strong>Requisitos</strong></span></p>
<p><span style="color: #000000;"><!-- /wp:paragraph -->

<!-- wp:paragraph --></span></p>
<p><span style="color: #000000;">Conocimientos del funcionamiento del autoelevador.</span></p>
<p><span style="color: #000000;"><!-- /wp:paragraph -->

<!-- wp:paragraph --></span></p>
<p><span style="text-decoration: underline; color: #000000;"><strong>Duración del Curso</strong></span></p>
<p><span style="color: #000000;"><!-- /wp:paragraph -->

<!-- wp:paragraph --></span></p>
<p><span style="color: #000000;">Treinta (30) días es el tiempo que permanece abierta el salón virtual.</span></p>
<p><span style="color: #000000;"><!-- /wp:paragraph -->

<!-- wp:paragraph --></span></p>
<p><span style="text-decoration: underline; color: #000000;"><strong>Temario</strong></span></p>
<ul class="wp-block-list"><!-- /wp:paragraph -->

<!-- wp:list-item -->
<li id="yui_3_17_2_1_1762358882461_1381"><span style="color: #000000;">Centro de Masa y Centro de Gravedad de un Cuerpo.</span></li>
<li id="yui_3_17_2_1_1762358882461_1382"><span style="color: #000000;">La Palanca.</span></li>
<li id="yui_3_17_2_1_1762358882461_1383"><span style="color: #000000;">Estudio de la Estabilidad del Autoelevador.</span></li>
<li id="yui_3_17_2_1_1762358882461_1384"><span style="color: #000000;">Modificación de la Estabilidad.</span></li>
<li id="yui_3_17_2_1_1762358882461_1385"><span style="color: #000000;">Movimientos que Desestabilizan el Autoelevador.</span></li>
<li id="yui_3_17_2_1_1762358882461_1386"><span style="color: #000000;">¿Cómo Evitar que El Autoelevador Vuelque?</span></li>
<!-- /wp:list-item --></ul>
<p><span style="color: #000000;"><!-- /wp:list -->

<!-- wp:paragraph --></span></p>
<p><span style="text-decoration: underline; color: #000000;"><strong>Docente y Moderador de la Sala</strong></span></p>
<p><span style="color: #000000;"><!-- /wp:paragraph -->

<!-- wp:paragraph --></span></p>
<p><span style="color: #000000;">Ing. Néstor Adolfo BOTTA. Consultas a nestor.botta@redproteger.com.ar</span></p>
<p><span style="color: #000000;"><!-- /wp:paragraph -->

<!-- wp:paragraph --></span></p>
<p><span style="text-decoration: underline; color: #000000;"><strong>Modalidad</strong></span></p>
<p><span style="color: #000000;"><!-- /wp:paragraph -->

<!-- wp:paragraph --></span></p>
<p><span style="color: #000000;">El curso es del tipo virtual a distancia asincrónico. Se puede ingresar al salón virtual en el momento que el alumno disponga de tiempo. No hay limitaciones de tiempo dentro del plazo para la culminación del curso.</span></p>
<p><span style="color: #000000;"><!-- /wp:paragraph -->

<!-- wp:paragraph --></span></p>
<p><span style="color: #000000;">Se entrega material de lectura digital.</span></p>
<p><span style="color: #000000;"><!-- /wp:paragraph -->

<!-- wp:paragraph --></span></p>
<p><span style="color: #000000;">Se emite certificado de aprobado digital cuando se cumplan todas las actividades con una nota mayor a 6/10.</span></p>
<p><span style="color: #000000;"><!-- /wp:paragraph -->

<!-- wp:paragraph --></span></p>
<p><span style="text-decoration: underline; color: #000000;"><strong>Ingreso a la Sala Virtual</strong></span></p>
<p><span style="color: #000000;"><!-- /wp:paragraph -->

<!-- wp:paragraph --></span></p>
<p><span style="color: #000000;">Una vez acreditado el pago, será enviado en forma inmediata un email con las instrucciones y la clave de matriculación para acceder a la Sala, para lo cual se deberá realizar el registro en <a style="color: #000000;" href="http://www.salavirtual.com.ar">www.salavirtual.com.ar</a>.</span></p>
<p><span style="color: #000000;"><!-- /wp:paragraph -->

<!-- wp:paragraph --><!-- /wp:paragraph -->

<!-- wp:paragraph --></span></p>
<p><span style="text-decoration: underline; color: #000000;"><strong>Sobre la Facturación</strong></span></p>
<p><span style="color: #000000;"><!-- /wp:paragraph -->

<!-- wp:paragraph --></span></p>
<p><span style="color: #000000;">Se emite factura tipo «C».</span></p>
<p><span style="color: #000000;">Opción de abonar en Dólares vía <strong><em>Paypal</em></strong> para los que no pueden abonar en pesos argentinos (solicitar link de pago a <a style="color: #000000;" href="mailto:info@salavirtual.com.ar">info@salavirtual.com.ar</a>).</span></p>
<!-- /wp:paragraph -->

<!-- wp:paragraph -->

<p><span style="color: #000000;">Comprender el aspecto más importante y trascendente de la seguridad en la operación de los autoelevadores, como lo es la conservación de la estabilidad del vehículo a través del estudio del movimiento del centro de gravedad o centro de masa.</span></p>
