{"id":920,"date":"2025-10-15T14:41:21","date_gmt":"2025-10-15T17:41:21","guid":{"rendered":"https:\/\/www.salavirtual.com.ar\/plataformaz\/?post_type=product&#038;p=920"},"modified":"2026-02-12T13:05:20","modified_gmt":"2026-02-12T16:05:20","slug":"curso-16-el-co2-como-agente-extintor","status":"publish","type":"product","link":"https:\/\/www.salavirtual.com.ar\/plataformaz\/producto\/curso-16-el-co2-como-agente-extintor\/","title":{"rendered":"CURSO #16: El CO2 como Agente Extintor"},"content":{"rendered":"\r\n\r\n\r\n<p id=\"yui_3_17_2_1_1760550068160_1493\"><span style=\"text-decoration: underline; color: #000000;\"><b id=\"yui_3_17_2_1_1760550068160_1494\">Objetivo<\/b><\/span><\/p>\r\n<p><span id=\"yui_3_17_2_1_1760550068160_1497\" style=\"color: #000000;\" data-key=\"104\"><span id=\"yui_3_17_2_1_1760550068160_1498\" data-offset-key=\"104:0\">Comprender todo lo relacionado al di\u00f3xido de carbono o CO<sub id=\"yui_3_17_2_1_1760550068160_1499\">2<\/sub>\u00a0como agente extintor de incendios.<\/span><\/span><\/p>\r\n<p id=\"yui_3_17_2_1_1760550068160_1500\" data-key=\"105\"><span style=\"text-decoration: underline; color: #000000;\"><span id=\"yui_3_17_2_1_1760550068160_1501\" data-key=\"106\"><span id=\"yui_3_17_2_1_1760550068160_1502\" data-offset-key=\"106:0\"><strong id=\"yui_3_17_2_1_1760550068160_1503\" data-slate-leaf=\"true\">Dirigido<\/strong><\/span><\/span><\/span><\/p>\r\n<p><span id=\"yui_3_17_2_1_1760550068160_1506\" style=\"color: #000000;\" data-key=\"109\"><span id=\"yui_3_17_2_1_1760550068160_1507\" data-offset-key=\"109:0\">Ingenieros\/Licenciados\/T\u00e9cnicos en Higiene y Seguridad en el Trabajo. Bomberos y personas relacionados e interesados en la tem\u00e1tica.<\/span><\/span><\/p>\r\n<p id=\"yui_3_17_2_1_1760550068160_1508\" data-key=\"110\"><span style=\"text-decoration: underline; color: #000000;\"><span id=\"yui_3_17_2_1_1760550068160_1509\" data-key=\"111\"><span id=\"yui_3_17_2_1_1760550068160_1510\" data-offset-key=\"111:0\"><strong id=\"yui_3_17_2_1_1760550068160_1511\" data-slate-leaf=\"true\">Requisitos<\/strong><\/span><\/span><\/span><\/p>\r\n<p><span style=\"color: #000000;\">Conocimientos b\u00e1sicos sobre din\u00e1mica de los incendios.<\/span><\/p>\r\n<p id=\"yui_3_17_2_1_1760550068160_1517\" data-key=\"120\"><span style=\"text-decoration: underline; color: #000000;\"><span id=\"yui_3_17_2_1_1760550068160_1518\" data-key=\"121\"><span id=\"yui_3_17_2_1_1760550068160_1519\" data-offset-key=\"121:0\"><strong id=\"yui_3_17_2_1_1760550068160_1520\" data-slate-leaf=\"true\">Temario<\/strong><\/span><\/span><\/span><\/p>\r\n<ul id=\"yui_3_17_2_1_1760550068160_1521\" data-key=\"122\">\r\n<li id=\"yui_3_17_2_1_1760550068160_1522\" data-key=\"123\"><span style=\"color: #000000;\"><span id=\"yui_3_17_2_1_1760550068160_1523\">\u00bfQu\u00e9 es el CO<\/span><sub id=\"yui_3_17_2_1_1760550068160_1524\">2<\/sub><span id=\"yui_3_17_2_1_1760550068160_1525\">?<\/span><\/span><\/li>\r\n<li id=\"yui_3_17_2_1_1760550068160_1527\"><span style=\"color: #000000;\"><span id=\"yui_3_17_2_1_1760550068160_1528\">Relaci\u00f3n Presi\u00f3n-Temperatura CO<\/span><sub id=\"yui_3_17_2_1_1760550068160_1529\">2<\/sub><span id=\"yui_3_17_2_1_1760550068160_1530\">.<\/span><\/span><\/li>\r\n<li id=\"yui_3_17_2_1_1760550068160_1532\"><span style=\"color: #000000;\"><span id=\"yui_3_17_2_1_1760550068160_1533\">Calidad del CO<\/span><sub id=\"yui_3_17_2_1_1760550068160_1534\">2<\/sub><span id=\"yui_3_17_2_1_1760550068160_1535\">.<\/span><\/span><\/li>\r\n<li id=\"yui_3_17_2_1_1760550068160_1537\"><span style=\"color: #000000;\"><span id=\"yui_3_17_2_1_1760550068160_1538\">Almacenamiento de CO<\/span><sub id=\"yui_3_17_2_1_1760550068160_1539\">2<\/sub><span id=\"yui_3_17_2_1_1760550068160_1540\">.<\/span><\/span><\/li>\r\n<li id=\"yui_3_17_2_1_1760550068160_1542\"><span id=\"yui_3_17_2_1_1760550068160_1543\" style=\"color: #000000;\">Almacenamiento de Alta Presi\u00f3n.<\/span><\/li>\r\n<li id=\"yui_3_17_2_1_1760550068160_1545\"><span id=\"yui_3_17_2_1_1760550068160_1546\" style=\"color: #000000;\">Almacenamiento de Baja Presi\u00f3n.<\/span><\/li>\r\n<li id=\"yui_3_17_2_1_1760550068160_1548\"><span id=\"yui_3_17_2_1_1760550068160_1549\" style=\"color: #000000;\">Densidad de Llenado.<\/span><\/li>\r\n<li id=\"yui_3_17_2_1_1760550068160_1551\"><span style=\"color: #000000;\"><span id=\"yui_3_17_2_1_1760550068160_1552\">Ventajas del Uso del CO<\/span><sub id=\"yui_3_17_2_1_1760550068160_1553\">2<\/sub><span id=\"yui_3_17_2_1_1760550068160_1554\">.<\/span><\/span><\/li>\r\n<li id=\"yui_3_17_2_1_1760550068160_1556\"><span id=\"yui_3_17_2_1_1760550068160_1557\" style=\"color: #000000;\">Efectos Fisiol\u00f3gicos.<\/span><\/li>\r\n<li id=\"yui_3_17_2_1_1760550068160_1559\"><span style=\"color: #000000;\"><span id=\"yui_3_17_2_1_1760550068160_1560\">La Descarga de CO<\/span><sub id=\"yui_3_17_2_1_1760550068160_1561\">2<\/sub><span id=\"yui_3_17_2_1_1760550068160_1562\">.<\/span><\/span><\/li>\r\n<li id=\"yui_3_17_2_1_1760550068160_1564\"><span id=\"yui_3_17_2_1_1760550068160_1565\" style=\"color: #000000;\">Mecanismos de Extinci\u00f3n.<\/span><\/li>\r\n<li id=\"yui_3_17_2_1_1760550068160_1567\"><span id=\"yui_3_17_2_1_1760550068160_1568\" style=\"color: #000000;\">Extinci\u00f3n por Sofocaci\u00f3n.<\/span><\/li>\r\n<li id=\"yui_3_17_2_1_1760550068160_1570\"><span id=\"yui_3_17_2_1_1760550068160_1571\" style=\"color: #000000;\">Extinci\u00f3n por Enfriamiento.<\/span><\/li>\r\n<li id=\"yui_3_17_2_1_1760550068160_1573\"><span style=\"color: #000000;\"><span id=\"yui_3_17_2_1_1760550068160_1574\">Limitaciones del CO<\/span><sub id=\"yui_3_17_2_1_1760550068160_1575\">2<\/sub><span id=\"yui_3_17_2_1_1760550068160_1576\">\u00a0como Agente Extintor.<\/span><\/span><\/li>\r\n<li id=\"yui_3_17_2_1_1760550068160_1578\"><span style=\"color: #000000;\"><span id=\"yui_3_17_2_1_1760550068160_1579\">Limitaciones El\u00e9ctricas del CO<\/span><sub id=\"yui_3_17_2_1_1760550068160_1580\">2<\/sub><span id=\"yui_3_17_2_1_1760550068160_1581\">.<\/span><\/span><\/li>\r\n<li id=\"yui_3_17_2_1_1760550068160_1583\"><span style=\"color: #000000;\"><span id=\"yui_3_17_2_1_1760550068160_1584\">Recomendaciones en \u00c1reas Peligrosas por Descarga de CO<\/span><sub id=\"yui_3_17_2_1_1760550068160_1585\">2<\/sub><span id=\"yui_3_17_2_1_1760550068160_1586\">.<\/span><\/span><\/li>\r\n<li id=\"yui_3_17_2_1_1760550068160_1588\"><span id=\"yui_3_17_2_1_1760550068160_1589\" style=\"color: #000000;\">Tipos de Combustibles.<\/span><\/li>\r\n<li id=\"yui_3_17_2_1_1760550068160_1591\"><span id=\"yui_3_17_2_1_1760550068160_1592\" style=\"color: #000000;\">M\u00e9todos de Aplicaci\u00f3n.<\/span><\/li>\r\n<li id=\"yui_3_17_2_1_1760550068160_1594\"><span id=\"yui_3_17_2_1_1760550068160_1595\" style=\"color: #000000;\">Inundaci\u00f3n Total.<\/span><\/li>\r\n<li id=\"yui_3_17_2_1_1760550068160_1597\"><span id=\"yui_3_17_2_1_1760550068160_1598\" style=\"color: #000000;\">Descarga Prolongada.<\/span><\/li>\r\n<li id=\"yui_3_17_2_1_1760550068160_1600\"><span id=\"yui_3_17_2_1_1760550068160_1601\" style=\"color: #000000;\">Aplicaci\u00f3n Local.<\/span><\/li>\r\n<li id=\"yui_3_17_2_1_1760550068160_1603\"><span id=\"yui_3_17_2_1_1760550068160_1604\" style=\"color: #000000;\">L\u00edneas de Mangueras Manuales.<\/span><\/li>\r\n<li id=\"yui_3_17_2_1_1760550068160_1606\"><span id=\"yui_3_17_2_1_1760550068160_1607\" style=\"color: #000000;\">Sistemas Fijos con Suministro M\u00f3vil.<\/span><\/li>\r\n<\/ul>\r\n<p id=\"yui_3_17_2_1_1760550068160_1608\" data-key=\"161\"><span style=\"text-decoration: underline; color: #000000;\"><strong id=\"yui_3_17_2_1_1760550068160_1609\" data-slate-leaf=\"true\">Docente<\/strong><\/span><\/p>\r\n<p><span id=\"yui_3_17_2_1_1760550068160_1613\" style=\"color: #000000;\" data-key=\"170\"><span id=\"yui_3_17_2_1_1760550068160_1614\" data-offset-key=\"170:0\">Ing. N\u00e9stor Adolfo BOTTA<\/span><\/span><\/p>\r\n<p><span style=\"color: #000000;\"><span id=\"yui_3_17_2_1_1760550068160_1616\" data-key=\"172\"><span id=\"yui_3_17_2_1_1760550068160_1617\" data-offset-key=\"172:0\">Consultas a\u00a0<\/span><\/span><a id=\"yui_3_17_2_1_1760550068160_1618\" style=\"color: #000000;\" href=\"mailto:nestor.botta@redproteger.com.ar\" data-key=\"173\">nestor.botta@redproteger.com.ar<\/a><\/span><\/p>\r\n<p data-key=\"175\"><span style=\"text-decoration: underline; color: #000000;\"><strong data-slate-leaf=\"true\">Modalidad<\/strong><\/span><\/p>\r\n<p><span style=\"color: #000000;\">El curso es del tipo virtual a distancia asincr\u00f3nico. Se puede ingresar al sal\u00f3n virtual en el momento que el alumno disponga de tiempo. No hay limitaciones de tiempo dentro del plazo para la culminaci\u00f3n del curso.<\/span><\/p>\r\n<p><span style=\"color: #000000;\">\r\n\r\n<\/span><\/p>\r\n<p><span style=\"color: #000000;\">Se entrega material de lectura digital.<\/span><\/p>\r\n<p><span style=\"color: #000000;\">\r\n\r\n<\/span><\/p>\r\n<p><span style=\"color: #000000;\">Se emite certificado de aprobado digital cuando se cumplan todas las actividades con una nota mayor a 6\/10.<\/span><\/p>\r\n<p><span style=\"text-decoration: underline; color: #000000;\"><strong id=\"yui_3_17_2_1_1760535856882_1511\" data-slate-leaf=\"true\">Actividades<\/strong><\/span><\/p>\r\n<p><span id=\"yui_3_17_2_1_1760535856882_1516\" style=\"color: #000000;\" data-key=\"165\"><span id=\"yui_3_17_2_1_1760535856882_1517\" data-offset-key=\"165:0\">Se incluyen un (1) video explicativos y cuatro (4) cuestionarios evaluatorios.<\/span><\/span><\/p>\r\n<p><span style=\"text-decoration: underline; color: #000000;\"><strong>Duraci\u00f3n del Curso<\/strong><\/span><\/p>\r\n<p><span style=\"color: #000000;\">\r\n\r\n<\/span><\/p>\r\n<p><span style=\"color: #000000;\">Treinta (30) d\u00edas es el tiempo que permanece abierta el sal\u00f3n virtual.<\/span><\/p>\r\n<p><span style=\"color: #000000;\">\r\n\r\n\r\n\r\n\r\n\r\n\r\n\r\n<\/span><\/p>\r\n<p><span style=\"text-decoration: underline; color: #000000;\"><strong>Ingreso a la Sala Virtual<\/strong><\/span><\/p>\r\n<p><span style=\"color: #000000;\">\r\n\r\n<\/span><\/p>\r\n<p><span style=\"color: #000000;\">Una vez acreditado el pago, ser\u00e1 enviado en forma inmediata un email con las instrucciones y la clave de matriculaci\u00f3n para acceder a la Sala, para lo cual se deber\u00e1 realizar el registro en <a style=\"color: #000000;\" href=\"http:\/\/www.salavirtual.com.ar\">www.salavirtual.com.ar<\/a>.<\/span><\/p>\r\n<p><span style=\"color: #000000;\">\r\n\r\n<\/span><\/p>\r\n<p><span style=\"text-decoration: underline; color: #000000;\"><strong>Sobre la Facturaci\u00f3n<\/strong><\/span><\/p>\r\n<p><span style=\"color: #000000;\">\r\n\r\n<\/span><\/p>\r\n<p><span style=\"color: #000000;\">Se emite factura tipo \u00abC\u00bb.<\/span><\/p>\r\n<p><span style=\"color: #000000;\">\r\n\r\n\r\n\r\n\r\n\r\n<\/span><\/p>\r\n<p><span style=\"color: #000000;\">Opci\u00f3n de abonar en D\u00f3lares v\u00eda <strong><em>Paypal<\/em><\/strong> para los que no pueden abonar en pesos argentinos (solicitar link de pago a <a style=\"color: #000000;\" href=\"mailto:info@salavirtual.com.ar\">info@salavirtual.com.ar<\/a>).<\/span><\/p>\r\n","protected":false},"excerpt":{"rendered":"<p><span id=\"yui_3_17_2_1_1760550068160_1497\" style=\"color: #000000;\" data-key=\"104\"><span id=\"yui_3_17_2_1_1760550068160_1498\" data-offset-key=\"104:0\">Comprender todo lo relacionado al di\u00f3xido de carbono o CO<sub id=\"yui_3_17_2_1_1760550068160_1499\">2<\/sub>\u00a0como agente extintor de incendios.<\/span><\/span><\/p>\n","protected":false},"featured_media":1132,"comment_status":"open","ping_status":"closed","template":"","meta":{"jetpack_publicize_message":"","jetpack_publicize_feature_enabled":true,"jetpack_social_post_already_shared":true,"jetpack_social_options":{"image_generator_settings":{"template":"highway","default_image_id":0,"font":"","enabled":false},"version":2}},"product_brand":[414],"product_cat":[383,403],"product_tag":[430,400,376],"class_list":{"0":"post-920","1":"product","2":"type-product","3":"status-publish","4":"has-post-thumbnail","6":"product_brand-redproteger","7":"product_cat-incendio","8":"product_cat-ofertas","9":"product_tag-co2","10":"product_tag-extincion","11":"product_tag-incendio","13":"first","14":"instock","15":"virtual","16":"sold-individually","17":"purchasable","18":"product-type-simple"},"jetpack_publicize_connections":[],"jetpack_sharing_enabled":true,"jetpack_likes_enabled":true,"_links":{"self":[{"href":"https:\/\/www.salavirtual.com.ar\/plataformaz\/wp-json\/wp\/v2\/product\/920","targetHints":{"allow":["GET"]}}],"collection":[{"href":"https:\/\/www.salavirtual.com.ar\/plataformaz\/wp-json\/wp\/v2\/product"}],"about":[{"href":"https:\/\/www.salavirtual.com.ar\/plataformaz\/wp-json\/wp\/v2\/types\/product"}],"replies":[{"embeddable":true,"href":"https:\/\/www.salavirtual.com.ar\/plataformaz\/wp-json\/wp\/v2\/comments?post=920"}],"wp:featuredmedia":[{"embeddable":true,"href":"https:\/\/www.salavirtual.com.ar\/plataformaz\/wp-json\/wp\/v2\/media\/1132"}],"wp:attachment":[{"href":"https:\/\/www.salavirtual.com.ar\/plataformaz\/wp-json\/wp\/v2\/media?parent=920"}],"wp:term":[{"taxonomy":"product_brand","embeddable":true,"href":"https:\/\/www.salavirtual.com.ar\/plataformaz\/wp-json\/wp\/v2\/product_brand?post=920"},{"taxonomy":"product_cat","embeddable":true,"href":"https:\/\/www.salavirtual.com.ar\/plataformaz\/wp-json\/wp\/v2\/product_cat?post=920"},{"taxonomy":"product_tag","embeddable":true,"href":"https:\/\/www.salavirtual.com.ar\/plataformaz\/wp-json\/wp\/v2\/product_tag?post=920"}],"curies":[{"name":"wp","href":"https:\/\/api.w.org\/{rel}","templated":true}]}}