{"id":732,"date":"2025-10-03T10:06:48","date_gmt":"2025-10-03T13:06:48","guid":{"rendered":"https:\/\/www.salavirtual.com.ar\/plataformaz\/?post_type=product&#038;p=732"},"modified":"2026-02-12T12:43:52","modified_gmt":"2026-02-12T15:43:52","slug":"videoconferencia-1-vc-calculo-de-extintores-portatiles-metodo-de-carga-de-fuego-una-sesion","status":"publish","type":"product","link":"https:\/\/www.salavirtual.com.ar\/plataformaz\/producto\/videoconferencia-1-vc-calculo-de-extintores-portatiles-metodo-de-carga-de-fuego-una-sesion\/","title":{"rendered":"VideoConferencia #01.VC: C\u00e1lculo de Extintores Port\u00e1tiles. M\u00e9todo de Carga de Fuego"},"content":{"rendered":"<p><strong><u>Video Conferencia \u201cC\u00e1lculo de Extintores Port\u00e1tiles. M\u00e9todo de Carga de Fuego\u201d<\/u><\/strong><\/p>\n<p><em><strong><a href=\"https:\/\/www.salavirtual.com.ar\/plataformaz\/wp-content\/uploads\/woocommerce_uploads\/2025\/01\/01vc-Calculo-de-Extintores-Portatiles.-Carga-de-Fuego-31-10-0225-i1ple6.pdf\">Bajar informaci\u00f3n completa del curso<\/a><\/strong><\/em><\/p>\n<p><strong>Objetivo<\/strong><br \/>\nComprender el proceso para el c\u00e1lculo de la cantidad de extintores port\u00e1tiles de incendio manuales necesarios en una empresa, siguiendo los lineamientos del decreto 351\/79 reglamentario de la ley nacional de seguridad e higiene en el trabajo.<\/p>\n<p><strong>Fecha<\/strong><br \/>\n<em>Sesi\u00f3n \u00fanica<\/em>: viernes 31\/10\/2025 de 19:00 a 22:00 horas aprox.<br \/>\n<strong>\u00a0<\/strong><br \/>\n<strong>Metodolog\u00eda<\/strong><br \/>\nEl curso ser\u00e1 dictado por videoconferencia (Meet) en una \u00fanica sesi\u00f3n de tres (3) horas aproximadamente.<br \/>\n<strong>\u00a0<\/strong><br \/>\n<strong>Dirigido<\/strong><br \/>\nIngenieros\/Licenciados\/t\u00e9cnicos en Higiene y Seguridad en el Trabajo. Profesionales relacionados e interesados en la tem\u00e1tica.<br \/>\n<strong>\u00a0<\/strong><br \/>\n<strong>Requisitos<\/strong><br \/>\nConocimientos b\u00e1sicos de agentes extintores y matafuegos.<\/p>\n<p><strong>Duraci\u00f3n del Curso<\/strong><br \/>\nTres (3) horas reloj aproximadamente.<\/p>\n<p><strong>Temario tentativo<\/strong><br \/>\nClasificaci\u00f3n e identificaci\u00f3n de extintores.<br \/>\nCapacidad relativa de extinci\u00f3n o potencial extintor. Prueba para clase \u201cA\u201d. Prueba para clase \u201cB\u201d. Prueba para clase \u201cC\u201d<br \/>\nC\u00e1lculo de la cantidad de extintores conforme a la legislaci\u00f3n.<br \/>\nSectorizaci\u00f3n.<br \/>\nRelevamiento de combustibles.<br \/>\nSuperficie de piso. Poderes Calor\u00edficos.<br \/>\nC\u00e1lculo de la carga de fuego.<br \/>\nOtras formas de calcular la carga de fuego.<br \/>\nDeterminaci\u00f3n del potencial extintor.<br \/>\nSelecci\u00f3n de extintores.<br \/>\nUbicaci\u00f3n de los extintores.<br \/>\n<strong>\u00a0<\/strong><br \/>\n<strong>Docente<\/strong><br \/>\nIng. N\u00e9stor Adolfo BOTTA.<br \/>\nConsultas a\u00a0<a href=\"mailto:nestor.botta@redproteger.com.ar\" target=\"_blank\" rel=\"noreferrer noopener\">nestor.botta@redproteger.com.ar<\/a><br \/>\n<strong>\u00a0<\/strong><br \/>\n<strong>Modalidad<\/strong><br \/>\nEl curso es del tipo virtual a distancia sincr\u00f3nico (videoconferencia).<br \/>\nSe entrega material de lectura digital.<br \/>\nSe emite certificado de asistencia digital.<\/p>\n<p><strong>Sobre la Facturaci\u00f3n<\/strong><br \/>\nSe emite factura tipo \u00abC\u00bb.<\/p>\n","protected":false},"excerpt":{"rendered":"<p>Comprender el proceso para el c\u00e1lculo de la cantidad de extintores port\u00e1tiles de incendio manuales necesarios en una empresa, siguiendo los lineamientos del decreto 351\/79 reglamentario de la ley nacional de seguridad e higiene en el trabajo.<\/p>\n","protected":false},"featured_media":1111,"comment_status":"open","ping_status":"closed","template":"","meta":{"jetpack_publicize_message":"","jetpack_publicize_feature_enabled":true,"jetpack_social_post_already_shared":true,"jetpack_social_options":{"image_generator_settings":{"template":"highway","default_image_id":0,"font":"","enabled":false},"version":2}},"product_brand":[415,414],"product_cat":[16,412],"product_tag":[339,413],"class_list":{"0":"post-732","1":"product","2":"type-product","3":"status-publish","4":"has-post-thumbnail","6":"product_brand-ing-nestor-adolfo-botta","7":"product_brand-redproteger","8":"product_cat-extintores-portatiles","9":"product_cat-videoconferencia","10":"product_tag-extintores","11":"product_tag-videoconferencia","13":"first","14":"outofstock","15":"featured","16":"downloadable","17":"virtual","18":"sold-individually","19":"purchasable","20":"product-type-simple"},"jetpack_publicize_connections":[],"jetpack_sharing_enabled":true,"jetpack_likes_enabled":true,"_links":{"self":[{"href":"https:\/\/www.salavirtual.com.ar\/plataformaz\/wp-json\/wp\/v2\/product\/732","targetHints":{"allow":["GET"]}}],"collection":[{"href":"https:\/\/www.salavirtual.com.ar\/plataformaz\/wp-json\/wp\/v2\/product"}],"about":[{"href":"https:\/\/www.salavirtual.com.ar\/plataformaz\/wp-json\/wp\/v2\/types\/product"}],"replies":[{"embeddable":true,"href":"https:\/\/www.salavirtual.com.ar\/plataformaz\/wp-json\/wp\/v2\/comments?post=732"}],"wp:featuredmedia":[{"embeddable":true,"href":"https:\/\/www.salavirtual.com.ar\/plataformaz\/wp-json\/wp\/v2\/media\/1111"}],"wp:attachment":[{"href":"https:\/\/www.salavirtual.com.ar\/plataformaz\/wp-json\/wp\/v2\/media?parent=732"}],"wp:term":[{"taxonomy":"product_brand","embeddable":true,"href":"https:\/\/www.salavirtual.com.ar\/plataformaz\/wp-json\/wp\/v2\/product_brand?post=732"},{"taxonomy":"product_cat","embeddable":true,"href":"https:\/\/www.salavirtual.com.ar\/plataformaz\/wp-json\/wp\/v2\/product_cat?post=732"},{"taxonomy":"product_tag","embeddable":true,"href":"https:\/\/www.salavirtual.com.ar\/plataformaz\/wp-json\/wp\/v2\/product_tag?post=732"}],"curies":[{"name":"wp","href":"https:\/\/api.w.org\/{rel}","templated":true}]}}

VideoConferencia #01.VC: Cálculo de Extintores Portátiles. Método de Carga de Fuego

<p><strong><u>Video Conferencia “Cálculo de Extintores Portátiles. Método de Carga de Fuego”</u></strong></p>
<p><em><strong><a href="https://www.salavirtual.com.ar/plataformaz/wp-content/uploads/woocommerce_uploads/2025/01/01vc-Calculo-de-Extintores-Portatiles.-Carga-de-Fuego-31-10-0225-i1ple6.pdf">Bajar información completa del curso</a></strong></em></p>
<p><strong>Objetivo</strong><br />
Comprender el proceso para el cálculo de la cantidad de extintores portátiles de incendio manuales necesarios en una empresa, siguiendo los lineamientos del decreto 351/79 reglamentario de la ley nacional de seguridad e higiene en el trabajo.</p>
<p><strong>Fecha</strong><br />
<em>Sesión única</em>: viernes 31/10/2025 de 19:00 a 22:00 horas aprox.<br />
<strong> </strong><br />
<strong>Metodología</strong><br />
El curso será dictado por videoconferencia (Meet) en una única sesión de tres (3) horas aproximadamente.<br />
<strong> </strong><br />
<strong>Dirigido</strong><br />
Ingenieros/Licenciados/técnicos en Higiene y Seguridad en el Trabajo. Profesionales relacionados e interesados en la temática.<br />
<strong> </strong><br />
<strong>Requisitos</strong><br />
Conocimientos básicos de agentes extintores y matafuegos.</p>
<p><strong>Duración del Curso</strong><br />
Tres (3) horas reloj aproximadamente.</p>
<p><strong>Temario tentativo</strong><br />
Clasificación e identificación de extintores.<br />
Capacidad relativa de extinción o potencial extintor. Prueba para clase “A”. Prueba para clase “B”. Prueba para clase “C”<br />
Cálculo de la cantidad de extintores conforme a la legislación.<br />
Sectorización.<br />
Relevamiento de combustibles.<br />
Superficie de piso. Poderes Caloríficos.<br />
Cálculo de la carga de fuego.<br />
Otras formas de calcular la carga de fuego.<br />
Determinación del potencial extintor.<br />
Selección de extintores.<br />
Ubicación de los extintores.<br />
<strong> </strong><br />
<strong>Docente</strong><br />
Ing. Néstor Adolfo BOTTA.<br />
Consultas a <a href="mailto:nestor.botta@redproteger.com.ar" target="_blank" rel="noreferrer noopener">nestor.botta@redproteger.com.ar</a><br />
<strong> </strong><br />
<strong>Modalidad</strong><br />
El curso es del tipo virtual a distancia sincrónico (videoconferencia).<br />
Se entrega material de lectura digital.<br />
Se emite certificado de asistencia digital.</p>
<p><strong>Sobre la Facturación</strong><br />
Se emite factura tipo «C».</p>

<p>Comprender el proceso para el cálculo de la cantidad de extintores portátiles de incendio manuales necesarios en una empresa, siguiendo los lineamientos del decreto 351/79 reglamentario de la ley nacional de seguridad e higiene en el trabajo.</p>
