{"id":552,"date":"2024-09-19T18:00:55","date_gmt":"2024-09-19T21:00:55","guid":{"rendered":"https:\/\/www.salavirtual.com.ar\/plataformaz\/?post_type=product&#038;p=552"},"modified":"2026-02-12T12:55:25","modified_gmt":"2026-02-12T15:55:25","slug":"curso-emergencia-y-evacuacion-incluye-cursos-2-y-7","status":"publish","type":"product","link":"https:\/\/www.salavirtual.com.ar\/plataformaz\/producto\/curso-emergencia-y-evacuacion-incluye-cursos-2-y-7\/","title":{"rendered":"COMBO C: Emergencia y Evacuaci\u00f3n (incluye cursos #2 y #7)"},"content":{"rendered":"\r\n<p><span style=\"color: #000000;\">El presente es una oferta de los cursos relacionados al funcionamiento y dise\u00f1o de redes de incendios, que comprende los cursos de:<\/span><\/p>\r\n<ul>\r\n<li><span style=\"color: #000000;\">CURSO #2: Verificaci\u00f3n Legal de Medios de Escape<\/span><\/li>\r\n<li><span style=\"color: #000000;\">CURSO #7: Plan de Emergencia y Evacuaci\u00f3n en \u00c1reas Laborales<\/span><\/li>\r\n<\/ul>\r\n<p><span style=\"text-decoration: underline; color: #000000;\"><strong>Modalidad<\/strong><\/span><\/p>\r\n<p><span style=\"color: #000000;\">\r\n\r\n<\/span><\/p>\r\n<p><span style=\"color: #000000;\">El curso es del tipo virtual a distancia asincr\u00f3nico. Se puede ingresar al sal\u00f3n virtual en el momento que el alumno disponga de tiempo. No hay limitaciones de tiempo dentro del plazo para la culminaci\u00f3n del curso.<\/span><\/p>\r\n<p><span style=\"color: #000000;\">\r\n\r\n<\/span><\/p>\r\n<p><span style=\"color: #000000;\">Se entrega material de lectura digital.<\/span><\/p>\r\n<p><span style=\"color: #000000;\">\r\n\r\n<\/span><\/p>\r\n<p><span style=\"color: #000000;\">Se emite certificado de aprobado digital cuando se cumplan todas las actividades con una nota mayor a 6\/10.<\/span><\/p>\r\n<p><span style=\"color: #000000;\">\r\n\r\n<\/span><\/p>\r\n<p><span style=\"text-decoration: underline; color: #000000;\"><strong>Ingreso a la Sala Virtual<\/strong><\/span><\/p>\r\n<p><span style=\"color: #000000;\">\r\n\r\n<\/span><\/p>\r\n<p><span style=\"color: #000000;\">Una vez acreditado el pago, ser\u00e1 enviado en forma inmediata un email con las instrucciones y la clave de matriculaci\u00f3n para acceder a la Sala, para lo cual se deber\u00e1 realizar el registro en <a style=\"color: #000000;\" href=\"http:\/\/www.salavirtual.com.ar\">www.salavirtual.com.ar<\/a>.<\/span><\/p>\r\n<p><span style=\"color: #000000;\">\r\n\r\n<\/span><\/p>\r\n<p><span style=\"text-decoration: underline; color: #000000;\"><strong>Sobre la Facturaci\u00f3n<\/strong><\/span><\/p>\r\n<p><span style=\"color: #000000;\">\r\n\r\n<\/span><\/p>\r\n<p><span style=\"color: #000000;\">Se emite factura tipo \u00abC\u00bb.<\/span><\/p>\r\n<p><span style=\"color: #000000;\">\r\n\r\n<\/span><\/p>\r\n<p><span style=\"color: #000000;\">Opci\u00f3n de abonar en D\u00f3lares v\u00eda <strong><em>Paypal<\/em><\/strong> para los que no pueden abonar en pesos argentinos (solicitar link de pago a <a style=\"color: #000000;\" href=\"mailto:info@salavirtual.com.ar\">info@salavirtual.com.ar<\/a>).<\/span><\/p>\r\n","protected":false},"excerpt":{"rendered":"<p><span style=\"color: #000000;\">El presente es una oferta de los cursos relacionados al funcionamiento y dise\u00f1o de redes de incendios, que comprende los cursos de:<\/span><\/p>\n<ul>\n<li><span style=\"color: #000000;\">CURSO #2: Verificaci\u00f3n Legal de Medios de Escape<\/span><\/li>\n<li><span style=\"color: #000000;\">CURSO #7: Plan de Emergencia y Evacuaci\u00f3n en \u00c1reas Laborales<\/span><\/li>\n<\/ul>\n","protected":false},"featured_media":1115,"comment_status":"open","ping_status":"closed","template":"","meta":{"jetpack_publicize_message":"","jetpack_publicize_feature_enabled":true,"jetpack_social_post_already_shared":true,"jetpack_social_options":{"image_generator_settings":{"template":"highway","default_image_id":0,"font":"","enabled":false},"version":2}},"product_brand":[414],"product_cat":[364,403],"product_tag":[367,365,374],"class_list":{"0":"post-552","1":"product","2":"type-product","3":"status-publish","4":"has-post-thumbnail","6":"product_brand-redproteger","7":"product_cat-emergencia-y-evacuacion","8":"product_cat-ofertas","9":"product_tag-emergencia","10":"product_tag-evacuacion","11":"product_tag-plan","13":"first","14":"instock","15":"sale","16":"featured","17":"virtual","18":"sold-individually","19":"purchasable","20":"product-type-wooco"},"jetpack_publicize_connections":[],"jetpack_sharing_enabled":true,"jetpack_likes_enabled":true,"_links":{"self":[{"href":"https:\/\/www.salavirtual.com.ar\/plataformaz\/wp-json\/wp\/v2\/product\/552","targetHints":{"allow":["GET"]}}],"collection":[{"href":"https:\/\/www.salavirtual.com.ar\/plataformaz\/wp-json\/wp\/v2\/product"}],"about":[{"href":"https:\/\/www.salavirtual.com.ar\/plataformaz\/wp-json\/wp\/v2\/types\/product"}],"replies":[{"embeddable":true,"href":"https:\/\/www.salavirtual.com.ar\/plataformaz\/wp-json\/wp\/v2\/comments?post=552"}],"wp:featuredmedia":[{"embeddable":true,"href":"https:\/\/www.salavirtual.com.ar\/plataformaz\/wp-json\/wp\/v2\/media\/1115"}],"wp:attachment":[{"href":"https:\/\/www.salavirtual.com.ar\/plataformaz\/wp-json\/wp\/v2\/media?parent=552"}],"wp:term":[{"taxonomy":"product_brand","embeddable":true,"href":"https:\/\/www.salavirtual.com.ar\/plataformaz\/wp-json\/wp\/v2\/product_brand?post=552"},{"taxonomy":"product_cat","embeddable":true,"href":"https:\/\/www.salavirtual.com.ar\/plataformaz\/wp-json\/wp\/v2\/product_cat?post=552"},{"taxonomy":"product_tag","embeddable":true,"href":"https:\/\/www.salavirtual.com.ar\/plataformaz\/wp-json\/wp\/v2\/product_tag?post=552"}],"curies":[{"name":"wp","href":"https:\/\/api.w.org\/{rel}","templated":true}]}}

COMBO C: Emergencia y Evacuación (incluye cursos #2 y #7)

<p><span style="color: #000000;">El presente es una oferta de los cursos relacionados al funcionamiento y diseño de redes de incendios, que comprende los cursos de:</span></p>
<ul>
<li><span style="color: #000000;">CURSO #2: Verificación Legal de Medios de Escape</span></li>
<li><span style="color: #000000;">CURSO #7: Plan de Emergencia y Evacuación en Áreas Laborales</span></li>
</ul>
<p><span style="text-decoration: underline; color: #000000;"><strong>Modalidad</strong></span></p>
<p><span style="color: #000000;">

</span></p>
<p><span style="color: #000000;">El curso es del tipo virtual a distancia asincrónico. Se puede ingresar al salón virtual en el momento que el alumno disponga de tiempo. No hay limitaciones de tiempo dentro del plazo para la culminación del curso.</span></p>
<p><span style="color: #000000;">

</span></p>
<p><span style="color: #000000;">Se entrega material de lectura digital.</span></p>
<p><span style="color: #000000;">

</span></p>
<p><span style="color: #000000;">Se emite certificado de aprobado digital cuando se cumplan todas las actividades con una nota mayor a 6/10.</span></p>
<p><span style="color: #000000;">

</span></p>
<p><span style="text-decoration: underline; color: #000000;"><strong>Ingreso a la Sala Virtual</strong></span></p>
<p><span style="color: #000000;">

</span></p>
<p><span style="color: #000000;">Una vez acreditado el pago, será enviado en forma inmediata un email con las instrucciones y la clave de matriculación para acceder a la Sala, para lo cual se deberá realizar el registro en <a style="color: #000000;" href="http://www.salavirtual.com.ar">www.salavirtual.com.ar</a>.</span></p>
<p><span style="color: #000000;">

</span></p>
<p><span style="text-decoration: underline; color: #000000;"><strong>Sobre la Facturación</strong></span></p>
<p><span style="color: #000000;">

</span></p>
<p><span style="color: #000000;">Se emite factura tipo «C».</span></p>
<p><span style="color: #000000;">

</span></p>
<p><span style="color: #000000;">Opción de abonar en Dólares vía <strong><em>Paypal</em></strong> para los que no pueden abonar en pesos argentinos (solicitar link de pago a <a style="color: #000000;" href="mailto:info@salavirtual.com.ar">info@salavirtual.com.ar</a>).</span></p>

<p><span style="color: #000000;">El presente es una oferta de los cursos relacionados al funcionamiento y diseño de redes de incendios, que comprende los cursos de:</span></p>
<ul>
<li><span style="color: #000000;">CURSO #2: Verificación Legal de Medios de Escape</span></li>
<li><span style="color: #000000;">CURSO #7: Plan de Emergencia y Evacuación en Áreas Laborales</span></li>
</ul>
