{"id":543,"date":"2024-09-18T09:06:12","date_gmt":"2024-09-18T12:06:12","guid":{"rendered":"https:\/\/www.salavirtual.com.ar\/plataformaz\/?post_type=product&#038;p=543"},"modified":"2026-02-12T12:41:53","modified_gmt":"2026-02-12T15:41:53","slug":"curso-seguridad-en-espacios-confinados-incluye-cursos-28-29-32","status":"publish","type":"product","link":"https:\/\/www.salavirtual.com.ar\/plataformaz\/producto\/curso-seguridad-en-espacios-confinados-incluye-cursos-28-29-32\/","title":{"rendered":"COMBO E: Seguridad en Espacios Confinados (incluye cursos #28\/#29\/#32)"},"content":{"rendered":"\r\n<p><span style=\"color: #000000;\">El presente es una oferta de los cursos relacionados a los ambientes confinados y comprende los cursos de:<\/span><\/p>\r\n<ul>\r\n<li><span style=\"color: #000000;\">CURSO #28: Seguridad en Espacios Confinados. Aspectos T\u00e9cnicos B\u00e1sicos<\/span><\/li>\r\n<li><span style=\"color: #000000;\">CURSO #29: Seguridad en Espacios Confinados (IRAM 3625 y Resoluci\u00f3n SRT 953\/2010)<\/span><\/li>\r\n<li><span style=\"color: #000000;\">CURSO #32: Seguridad en Espacios Confinados. Peligro: El Ox\u00edgeno<\/span><\/li>\r\n<\/ul>\r\n<p><span style=\"text-decoration: underline; color: #000000;\"><strong>Modalidad<\/strong><\/span><\/p>\r\n<p><span style=\"color: #000000;\">El curso es del tipo virtual a distancia asincr\u00f3nico. Se puede ingresar al sal\u00f3n virtual en el momento que el alumno disponga de tiempo. No hay limitaciones de tiempo dentro del plazo para la culminaci\u00f3n del curso.<\/span><\/p>\r\n<p><span style=\"color: #000000;\">Se entrega material de lectura digital.<\/span><\/p>\r\n<p><span style=\"color: #000000;\">Se emite certificado de aprobado digital cuando se cumplan todas las actividades con una nota mayor a 6\/10.<\/span><\/p>\r\n<p><span style=\"text-decoration: underline; color: #000000;\"><strong>Ingreso a la Sala Virtual<\/strong><\/span><\/p>\r\n<p><span style=\"color: #000000;\">Una vez acreditado el pago, ser\u00e1 enviado en forma inmediata un email con las instrucciones y la clave de matriculaci\u00f3n para acceder a la Sala, para lo cual se deber\u00e1 realizar el registro en <a style=\"color: #000000;\" href=\"http:\/\/www.salavirtual.com.ar\/\">www.salavirtual.com.ar<\/a>.<\/span><\/p>\r\n<p><span style=\"text-decoration: underline; color: #000000;\"><strong>Sobre la Facturaci\u00f3n<\/strong><\/span><\/p>\r\n<p><span style=\"color: #000000;\">Se emite factura tipo \u00abC\u00bb.<\/span><\/p>\r\n<p><span style=\"color: #000000;\">Opci\u00f3n de abonar en D\u00f3lares v\u00eda\u00a0<strong><em>Paypal<\/em><\/strong>\u00a0para los que no pueden abonar en pesos argentinos (solicitar link de pago a\u00a0<a style=\"color: #000000;\" href=\"mailto:info@salavirtual.com.ar\">info@salavirtual.com.ar<\/a>).<\/span><\/p>\r\n","protected":false},"excerpt":{"rendered":"<p><span style=\"color: #000000;\">El presente es una oferta de los cursos relacionados a las herramienta de evaluaci\u00f3n y an\u00e1lisis de riesgo, comprende los cursos de:<\/span><\/p>\n<ul>\n<li><span style=\"color: #000000;\">CURSO #28: Seguridad en Espacios Confinados. Aspectos T\u00e9cnicos B\u00e1sicos<\/span><\/li>\n<li><span style=\"color: #000000;\">CURSO #29: Seguridad en Espacios Confinados (IRAM 3625 y Resoluci\u00f3n SRT 953\/2010)<\/span><\/li>\n<li><span style=\"color: #000000;\">CURSO #32: Seguridad en Espacios Confinados. Peligro: El Ox\u00edgeno<\/span><\/li>\n<\/ul>\n","protected":false},"featured_media":1109,"comment_status":"open","ping_status":"closed","template":"","meta":{"jetpack_publicize_message":"","jetpack_publicize_feature_enabled":true,"jetpack_social_post_already_shared":true,"jetpack_social_options":{"image_generator_settings":{"template":"highway","default_image_id":0,"font":"","enabled":false},"version":2}},"product_brand":[414],"product_cat":[391,403],"product_tag":[392],"class_list":{"0":"post-543","1":"product","2":"type-product","3":"status-publish","4":"has-post-thumbnail","6":"product_brand-redproteger","7":"product_cat-ambiente-confinado","8":"product_cat-ofertas","9":"product_tag-ambiente-confinado","11":"first","12":"instock","13":"sale","14":"featured","15":"downloadable","16":"virtual","17":"sold-individually","18":"purchasable","19":"product-type-wooco"},"jetpack_publicize_connections":[],"jetpack_sharing_enabled":true,"jetpack_likes_enabled":true,"_links":{"self":[{"href":"https:\/\/www.salavirtual.com.ar\/plataformaz\/wp-json\/wp\/v2\/product\/543","targetHints":{"allow":["GET"]}}],"collection":[{"href":"https:\/\/www.salavirtual.com.ar\/plataformaz\/wp-json\/wp\/v2\/product"}],"about":[{"href":"https:\/\/www.salavirtual.com.ar\/plataformaz\/wp-json\/wp\/v2\/types\/product"}],"replies":[{"embeddable":true,"href":"https:\/\/www.salavirtual.com.ar\/plataformaz\/wp-json\/wp\/v2\/comments?post=543"}],"wp:featuredmedia":[{"embeddable":true,"href":"https:\/\/www.salavirtual.com.ar\/plataformaz\/wp-json\/wp\/v2\/media\/1109"}],"wp:attachment":[{"href":"https:\/\/www.salavirtual.com.ar\/plataformaz\/wp-json\/wp\/v2\/media?parent=543"}],"wp:term":[{"taxonomy":"product_brand","embeddable":true,"href":"https:\/\/www.salavirtual.com.ar\/plataformaz\/wp-json\/wp\/v2\/product_brand?post=543"},{"taxonomy":"product_cat","embeddable":true,"href":"https:\/\/www.salavirtual.com.ar\/plataformaz\/wp-json\/wp\/v2\/product_cat?post=543"},{"taxonomy":"product_tag","embeddable":true,"href":"https:\/\/www.salavirtual.com.ar\/plataformaz\/wp-json\/wp\/v2\/product_tag?post=543"}],"curies":[{"name":"wp","href":"https:\/\/api.w.org\/{rel}","templated":true}]}}

<p><span style="color: #000000;">El presente es una oferta de los cursos relacionados a los ambientes confinados y comprende los cursos de:</span></p>
<ul>
<li><span style="color: #000000;">CURSO #28: Seguridad en Espacios Confinados. Aspectos Técnicos Básicos</span></li>
<li><span style="color: #000000;">CURSO #29: Seguridad en Espacios Confinados (IRAM 3625 y Resolución SRT 953/2010)</span></li>
<li><span style="color: #000000;">CURSO #32: Seguridad en Espacios Confinados. Peligro: El Oxígeno</span></li>
</ul>
<p><span style="text-decoration: underline; color: #000000;"><strong>Modalidad</strong></span></p>
<p><span style="color: #000000;">El curso es del tipo virtual a distancia asincrónico. Se puede ingresar al salón virtual en el momento que el alumno disponga de tiempo. No hay limitaciones de tiempo dentro del plazo para la culminación del curso.</span></p>
<p><span style="color: #000000;">Se entrega material de lectura digital.</span></p>
<p><span style="color: #000000;">Se emite certificado de aprobado digital cuando se cumplan todas las actividades con una nota mayor a 6/10.</span></p>
<p><span style="text-decoration: underline; color: #000000;"><strong>Ingreso a la Sala Virtual</strong></span></p>
<p><span style="color: #000000;">Una vez acreditado el pago, será enviado en forma inmediata un email con las instrucciones y la clave de matriculación para acceder a la Sala, para lo cual se deberá realizar el registro en <a style="color: #000000;" href="http://www.salavirtual.com.ar/">www.salavirtual.com.ar</a>.</span></p>
<p><span style="text-decoration: underline; color: #000000;"><strong>Sobre la Facturación</strong></span></p>
<p><span style="color: #000000;">Se emite factura tipo «C».</span></p>
<p><span style="color: #000000;">Opción de abonar en Dólares vía <strong><em>Paypal</em></strong> para los que no pueden abonar en pesos argentinos (solicitar link de pago a <a style="color: #000000;" href="mailto:info@salavirtual.com.ar">info@salavirtual.com.ar</a>).</span></p>

<p><span style="color: #000000;">El presente es una oferta de los cursos relacionados a las herramienta de evaluación y análisis de riesgo, comprende los cursos de:</span></p>
<ul>
<li><span style="color: #000000;">CURSO #28: Seguridad en Espacios Confinados. Aspectos Técnicos Básicos</span></li>
<li><span style="color: #000000;">CURSO #29: Seguridad en Espacios Confinados (IRAM 3625 y Resolución SRT 953/2010)</span></li>
<li><span style="color: #000000;">CURSO #32: Seguridad en Espacios Confinados. Peligro: El Oxígeno</span></li>
</ul>
