{"id":347,"date":"2024-09-06T12:36:21","date_gmt":"2024-09-06T15:36:21","guid":{"rendered":"https:\/\/www.salavirtual.com.ar\/plataformaz\/?post_type=product&#038;p=347"},"modified":"2026-02-12T12:57:07","modified_gmt":"2026-02-12T15:57:07","slug":"curso-30-decreto-351-79-capitulo-11-ventilacion","status":"publish","type":"product","link":"https:\/\/www.salavirtual.com.ar\/plataformaz\/producto\/curso-30-decreto-351-79-capitulo-11-ventilacion\/","title":{"rendered":"CURSO #30: Decreto 351\/79. Cap\u00edtulo 11 Ventilaci\u00f3n"},"content":{"rendered":"\r\n\r\n\r\n<p><span style=\"text-decoration: underline; color: #000000;\"><strong>Objetivo<\/strong><\/span><\/p>\r\n<p><span style=\"color: #000000;\">\r\n\r\n<\/span><\/p>\r\n<p><span style=\"color: #000000;\">Comprender los aspectos te\u00f3ricos, pr\u00e1cticos y legales del Cap\u00edtulo 11 del Decreto 351\/79.<\/span><\/p>\r\n<p><span style=\"color: #000000;\">\r\n\r\n<\/span><\/p>\r\n<p><span style=\"text-decoration: underline; color: #000000;\"><strong>Metodolog\u00eda<\/strong><\/span><\/p>\r\n<p><span style=\"color: #000000;\">\r\n\r\n<\/span><\/p>\r\n<p><span style=\"color: #000000;\">Est\u00e1n previstos un (1) cuestionario y un (1) trabajo pr\u00e1ctico.<\/span><\/p>\r\n<p><span style=\"color: #000000;\">\r\n\r\n<\/span><\/p>\r\n<p><span style=\"color: #000000;\">Cada actividad se debe aprobar con 6\/10.<\/span><\/p>\r\n<p><span style=\"color: #000000;\">\r\n\r\n<\/span><\/p>\r\n<p><span style=\"color: #000000;\">Se debe aprobar cada cuestionario para acceder el m\u00f3dulo siguiente y\/o entregar el trabajo pr\u00e1ctico previsto, seg\u00fan la programaci\u00f3n de cada m\u00f3dulo.<\/span><\/p>\r\n<p><span style=\"color: #000000;\">\r\n\r\n<\/span><\/p>\r\n<p><span style=\"text-decoration: underline; color: #000000;\"><strong>Dirigido<\/strong><\/span><\/p>\r\n<p><span style=\"color: #000000;\">\r\n\r\n<\/span><\/p>\r\n<p><span style=\"color: #000000;\">Ingenieros\/Licenciados\/t\u00e9cnicos en Higiene y Seguridad en el Trabajo. Profesionales dedicados al medio ambiente. Profesionales relacionados e interesados en la tem\u00e1tica.<\/span><\/p>\r\n<p><span style=\"color: #000000;\">\r\n\r\n<\/span><\/p>\r\n<p><span style=\"text-decoration: underline; color: #000000;\"><strong>Requisitos<\/strong><\/span><\/p>\r\n<p><span style=\"color: #000000;\">\r\n\r\n<\/span><\/p>\r\n<p><span style=\"color: #000000;\">Ninguno en especial.<\/span><\/p>\r\n<p><span style=\"color: #000000;\">\r\n\r\n<\/span><\/p>\r\n<p><span style=\"text-decoration: underline; color: #000000;\"><strong>Duraci\u00f3n del Curso<\/strong><\/span><\/p>\r\n<p><span style=\"color: #000000;\">\r\n\r\n<\/span><\/p>\r\n<p><span style=\"color: #000000;\">Treinta (30) d\u00edas es el tiempo que permanece abierta el sal\u00f3n virtual.<\/span><\/p>\r\n<p><span style=\"color: #000000;\">\r\n\r\n<\/span><\/p>\r\n<p><span style=\"text-decoration: underline; color: #000000;\"><strong>Temario<\/strong><\/span><\/p>\r\n<p><span style=\"color: #000000;\">\r\n\r\n<\/span><\/p>\r\n<ul class=\"wp-block-list\">\r\n<li><span style=\"color: #000000;\">\u00bfQu\u00e9 es la ventilaci\u00f3n?<\/span><\/li>\r\n\r\n\r\n\r\n<li><span style=\"color: #000000;\">Objetivo General de la Ventilaci\u00f3n.<\/span><\/li>\r\n\r\n\r\n\r\n<li><span style=\"color: #000000;\">Funciones de la Ventilaci\u00f3n.<\/span><\/li>\r\n\r\n\r\n\r\n<li><span style=\"color: #000000;\">Composici\u00f3n del Aire.<\/span><\/li>\r\n\r\n\r\n\r\n<li><span style=\"color: #000000;\">Causas del deterioro de la Calidad del Aire.<\/span><\/li>\r\n\r\n\r\n\r\n<li><span style=\"color: #000000;\">\u00bfQu\u00e9 es la ventilaci\u00f3n del Cap\u00edtulo 9?<\/span><\/li>\r\n\r\n\r\n\r\n<li><span style=\"color: #000000;\">\u00bfQu\u00e9 es la ventilaci\u00f3n del Cap\u00edtulo 11?<\/span><\/li>\r\n\r\n\r\n\r\n<li><span style=\"color: #000000;\">Objetivos de la Ventilaci\u00f3n del Cap\u00edtulo 11.<\/span><\/li>\r\n\r\n\r\n\r\n<li><span style=\"color: #000000;\">C\u00e1lculo del Caudal de Ventilaci\u00f3n.<\/span><\/li>\r\n\r\n\r\n\r\n<li><span style=\"color: #000000;\">Art\u00edculos del Cap\u00edtulo 11<\/span><\/li>\r\n\r\n\r\n\r\n<li><span style=\"color: #000000;\">Trabajo Sedentario o Moderado.<\/span><\/li>\r\n<\/ul>\r\n<p><span style=\"color: #000000;\">\r\n\r\n<\/span><\/p>\r\n<p><span style=\"text-decoration: underline; color: #000000;\"><strong>Docente y Moderador de la Sala<\/strong><\/span><\/p>\r\n<p><span style=\"color: #000000;\">\r\n\r\n<\/span><\/p>\r\n<p><span style=\"color: #000000;\">Ing. N\u00e9stor Adolfo BOTTA.<\/span><\/p>\r\n<p><span style=\"color: #000000;\">\r\n\r\n<\/span><\/p>\r\n<p><span style=\"color: #000000;\">Consultas a\u00a0<a style=\"color: #000000;\" href=\"mailto:nestor.botta@redproteger.com.ar\" target=\"_blank\" rel=\"noreferrer noopener\">nestor.botta@redproteger.com.ar<\/a><\/span><\/p>\r\n<p><span style=\"color: #000000;\">\r\n\r\n<\/span><\/p>\r\n<p><span style=\"text-decoration: underline; color: #000000;\"><strong>Modalidad<\/strong><\/span><\/p>\r\n<p><span style=\"color: #000000;\">\r\n\r\n<\/span><\/p>\r\n<p><span style=\"color: #000000;\">El curso es del tipo virtual a distancia asincr\u00f3nico. Se puede ingresar al sal\u00f3n virtual en el momento que el alumno disponga de tiempo. No hay limitaciones de tiempo dentro del plazo para la culminaci\u00f3n del curso.<\/span><\/p>\r\n<p><span style=\"color: #000000;\">\r\n\r\n<\/span><\/p>\r\n<p><span style=\"color: #000000;\">Se entrega material de lectura digital.<\/span><\/p>\r\n<p><span style=\"color: #000000;\">\r\n\r\n<\/span><\/p>\r\n<p><span style=\"color: #000000;\">Se emite certificado de aprobado digital cuando se cumplan todas las actividades con una nota mayor a 6\/10.<\/span><\/p>\r\n<p><span style=\"color: #000000;\">\r\n\r\n<\/span><\/p>\r\n<p><span style=\"text-decoration: underline; color: #000000;\"><strong>Ingreso a la Sala Virtual<\/strong><\/span><\/p>\r\n<p><span style=\"color: #000000;\">\r\n\r\n<\/span><\/p>\r\n<p><span style=\"color: #000000;\">Una vez acreditado el pago, ser\u00e1 enviado en forma inmediata un email con las instrucciones y la clave de matriculaci\u00f3n para acceder a la Sala, para lo cual se deber\u00e1 realizar el registro en <a style=\"color: #000000;\" href=\"http:\/\/www.salavirtual.com.ar\">www.salavirtual.com.ar<\/a>.<\/span><\/p>\r\n<p><span style=\"color: #000000;\">\r\n\r\n<\/span><\/p>\r\n<p><span style=\"text-decoration: underline; color: #000000;\"><strong>Sobre la Facturaci\u00f3n<\/strong><\/span><\/p>\r\n<p><span style=\"color: #000000;\">\r\n\r\n<\/span><\/p>\r\n<p><span style=\"color: #000000;\">Se emite factura tipo \u00abC\u00bb.<\/span><\/p>\r\n<p><span style=\"color: #000000;\">\r\n\r\n<\/span><\/p>\r\n<p><span style=\"color: #000000;\">Opci\u00f3n de abonar en D\u00f3lares v\u00eda <strong><em>Paypal<\/em><\/strong> para los que no pueden abonar en pesos argentinos (solicitar link de pago a <a style=\"color: #000000;\" href=\"mailto:info@salavirtual.com.ar\">info@salavirtual.com.ar<\/a>).<\/span><\/p>\r\n","protected":false},"excerpt":{"rendered":"<p><span style=\"color: #000000;\">Comprender los aspectos te\u00f3ricos, pr\u00e1cticos y legales del Cap\u00edtulo 11 del Decreto 351\/79.<\/span><\/p>\n","protected":false},"featured_media":1118,"comment_status":"open","ping_status":"closed","template":"","meta":{"jetpack_publicize_message":"","jetpack_publicize_feature_enabled":true,"jetpack_social_post_already_shared":true,"jetpack_social_options":{"image_generator_settings":{"template":"highway","default_image_id":0,"font":"","enabled":false},"version":2}},"product_brand":[414],"product_cat":[396],"product_tag":[397,398],"class_list":{"0":"post-347","1":"product","2":"type-product","3":"status-publish","4":"has-post-thumbnail","6":"product_brand-redproteger","7":"product_cat-legislacion","8":"product_tag-legislacion","9":"product_tag-ventilacion","11":"first","12":"instock","13":"virtual","14":"sold-individually","15":"purchasable","16":"product-type-simple"},"jetpack_publicize_connections":[],"jetpack_sharing_enabled":true,"jetpack_likes_enabled":true,"_links":{"self":[{"href":"https:\/\/www.salavirtual.com.ar\/plataformaz\/wp-json\/wp\/v2\/product\/347","targetHints":{"allow":["GET"]}}],"collection":[{"href":"https:\/\/www.salavirtual.com.ar\/plataformaz\/wp-json\/wp\/v2\/product"}],"about":[{"href":"https:\/\/www.salavirtual.com.ar\/plataformaz\/wp-json\/wp\/v2\/types\/product"}],"replies":[{"embeddable":true,"href":"https:\/\/www.salavirtual.com.ar\/plataformaz\/wp-json\/wp\/v2\/comments?post=347"}],"wp:featuredmedia":[{"embeddable":true,"href":"https:\/\/www.salavirtual.com.ar\/plataformaz\/wp-json\/wp\/v2\/media\/1118"}],"wp:attachment":[{"href":"https:\/\/www.salavirtual.com.ar\/plataformaz\/wp-json\/wp\/v2\/media?parent=347"}],"wp:term":[{"taxonomy":"product_brand","embeddable":true,"href":"https:\/\/www.salavirtual.com.ar\/plataformaz\/wp-json\/wp\/v2\/product_brand?post=347"},{"taxonomy":"product_cat","embeddable":true,"href":"https:\/\/www.salavirtual.com.ar\/plataformaz\/wp-json\/wp\/v2\/product_cat?post=347"},{"taxonomy":"product_tag","embeddable":true,"href":"https:\/\/www.salavirtual.com.ar\/plataformaz\/wp-json\/wp\/v2\/product_tag?post=347"}],"curies":[{"name":"wp","href":"https:\/\/api.w.org\/{rel}","templated":true}]}}

CURSO #30: Decreto 351/79. Capítulo 11 Ventilación

<p><span style="text-decoration: underline; color: #000000;"><strong>Objetivo</strong></span></p>
<p><span style="color: #000000;">

</span></p>
<p><span style="color: #000000;">Comprender los aspectos teóricos, prácticos y legales del Capítulo 11 del Decreto 351/79.</span></p>
<p><span style="color: #000000;">

</span></p>
<p><span style="text-decoration: underline; color: #000000;"><strong>Metodología</strong></span></p>
<p><span style="color: #000000;">

</span></p>
<p><span style="color: #000000;">Están previstos un (1) cuestionario y un (1) trabajo práctico.</span></p>
<p><span style="color: #000000;">

</span></p>
<p><span style="color: #000000;">Cada actividad se debe aprobar con 6/10.</span></p>
<p><span style="color: #000000;">

</span></p>
<p><span style="color: #000000;">Se debe aprobar cada cuestionario para acceder el módulo siguiente y/o entregar el trabajo práctico previsto, según la programación de cada módulo.</span></p>
<p><span style="color: #000000;">

</span></p>
<p><span style="text-decoration: underline; color: #000000;"><strong>Dirigido</strong></span></p>
<p><span style="color: #000000;">

</span></p>
<p><span style="color: #000000;">Ingenieros/Licenciados/técnicos en Higiene y Seguridad en el Trabajo. Profesionales dedicados al medio ambiente. Profesionales relacionados e interesados en la temática.</span></p>
<p><span style="color: #000000;">

</span></p>
<p><span style="text-decoration: underline; color: #000000;"><strong>Requisitos</strong></span></p>
<p><span style="color: #000000;">

</span></p>
<p><span style="color: #000000;">Ninguno en especial.</span></p>
<p><span style="color: #000000;">

</span></p>
<p><span style="text-decoration: underline; color: #000000;"><strong>Duración del Curso</strong></span></p>
<p><span style="color: #000000;">

</span></p>
<p><span style="color: #000000;">Treinta (30) días es el tiempo que permanece abierta el salón virtual.</span></p>
<p><span style="color: #000000;">

</span></p>
<p><span style="text-decoration: underline; color: #000000;"><strong>Temario</strong></span></p>
<p><span style="color: #000000;">

</span></p>
<ul class="wp-block-list">
<li><span style="color: #000000;">¿Qué es la ventilación?</span></li>



<li><span style="color: #000000;">Objetivo General de la Ventilación.</span></li>



<li><span style="color: #000000;">Funciones de la Ventilación.</span></li>



<li><span style="color: #000000;">Composición del Aire.</span></li>



<li><span style="color: #000000;">Causas del deterioro de la Calidad del Aire.</span></li>



<li><span style="color: #000000;">¿Qué es la ventilación del Capítulo 9?</span></li>



<li><span style="color: #000000;">¿Qué es la ventilación del Capítulo 11?</span></li>



<li><span style="color: #000000;">Objetivos de la Ventilación del Capítulo 11.</span></li>



<li><span style="color: #000000;">Cálculo del Caudal de Ventilación.</span></li>



<li><span style="color: #000000;">Artículos del Capítulo 11</span></li>



<li><span style="color: #000000;">Trabajo Sedentario o Moderado.</span></li>
</ul>
<p><span style="color: #000000;">

</span></p>
<p><span style="text-decoration: underline; color: #000000;"><strong>Docente y Moderador de la Sala</strong></span></p>
<p><span style="color: #000000;">

</span></p>
<p><span style="color: #000000;">Ing. Néstor Adolfo BOTTA.</span></p>
<p><span style="color: #000000;">

</span></p>
<p><span style="color: #000000;">Consultas a <a style="color: #000000;" href="mailto:nestor.botta@redproteger.com.ar" target="_blank" rel="noreferrer noopener">nestor.botta@redproteger.com.ar</a></span></p>
<p><span style="color: #000000;">

</span></p>
<p><span style="text-decoration: underline; color: #000000;"><strong>Modalidad</strong></span></p>
<p><span style="color: #000000;">

</span></p>
<p><span style="color: #000000;">El curso es del tipo virtual a distancia asincrónico. Se puede ingresar al salón virtual en el momento que el alumno disponga de tiempo. No hay limitaciones de tiempo dentro del plazo para la culminación del curso.</span></p>
<p><span style="color: #000000;">

</span></p>
<p><span style="color: #000000;">Se entrega material de lectura digital.</span></p>
<p><span style="color: #000000;">

</span></p>
<p><span style="color: #000000;">Se emite certificado de aprobado digital cuando se cumplan todas las actividades con una nota mayor a 6/10.</span></p>
<p><span style="color: #000000;">

</span></p>
<p><span style="text-decoration: underline; color: #000000;"><strong>Ingreso a la Sala Virtual</strong></span></p>
<p><span style="color: #000000;">

</span></p>
<p><span style="color: #000000;">Una vez acreditado el pago, será enviado en forma inmediata un email con las instrucciones y la clave de matriculación para acceder a la Sala, para lo cual se deberá realizar el registro en <a style="color: #000000;" href="http://www.salavirtual.com.ar">www.salavirtual.com.ar</a>.</span></p>
<p><span style="color: #000000;">

</span></p>
<p><span style="text-decoration: underline; color: #000000;"><strong>Sobre la Facturación</strong></span></p>
<p><span style="color: #000000;">

</span></p>
<p><span style="color: #000000;">Se emite factura tipo «C».</span></p>
<p><span style="color: #000000;">

</span></p>
<p><span style="color: #000000;">Opción de abonar en Dólares vía <strong><em>Paypal</em></strong> para los que no pueden abonar en pesos argentinos (solicitar link de pago a <a style="color: #000000;" href="mailto:info@salavirtual.com.ar">info@salavirtual.com.ar</a>).</span></p>

<p><span style="color: #000000;">Comprender los aspectos teóricos, prácticos y legales del Capítulo 11 del Decreto 351/79.</span></p>
