{"id":177,"date":"2024-08-15T14:59:43","date_gmt":"2024-08-15T17:59:43","guid":{"rendered":"https:\/\/www.salavirtual.com.ar\/plataformaz\/?post_type=product&#038;p=177"},"modified":"2026-02-12T13:28:45","modified_gmt":"2026-02-12T16:28:45","slug":"curso-calculo-de-carga-de-fuego-ponderada","status":"publish","type":"product","link":"https:\/\/www.salavirtual.com.ar\/plataformaz\/producto\/curso-calculo-de-carga-de-fuego-ponderada\/","title":{"rendered":"CURSO #33: C\u00e1lculo de Carga de Fuego Ponderada"},"content":{"rendered":"\r\n\r\n\r\n<p><span style=\"text-decoration: underline; color: #000000;\"><strong>Objetivo<\/strong><\/span><\/p>\r\n<p><span style=\"color: #000000;\">\r\n\r\n<\/span><\/p>\r\n<p><span style=\"color: #000000;\">Comprender el concepto y el proceso de c\u00e1lculo de la carga de fuego ponderada.<\/span><\/p>\r\n<p><span style=\"color: #000000;\">\r\n\r\n<\/span><\/p>\r\n<p><span style=\"text-decoration: underline; color: #000000;\"><strong>Metodolog\u00eda<\/strong><\/span><\/p>\r\n<p><span style=\"color: #000000;\">\r\n\r\n<\/span><\/p>\r\n<p><span style=\"color: #000000;\">El curso est\u00e1 dividido en cuatro (4) m\u00f3dulos. Cada m\u00f3dulo trata un s\u00f3lo concepto de forma tal que progresivamente se pueda ir construyendo una idea del tema, adem\u00e1s, de poder ir progresando en el curso de a etapas cortas.<\/span><\/p>\r\n<p><span style=\"color: #000000;\">\r\n\r\n<\/span><\/p>\r\n<p><span style=\"color: #000000;\">Est\u00e1n previstos tres (3) trabajos pr\u00e1cticos y un (1) trabajo pr\u00e1ctico final.<\/span><\/p>\r\n<p><span style=\"color: #000000;\">\r\n\r\n<\/span><\/p>\r\n<p><span style=\"color: #000000;\">Cada tema tiene una evaluaci\u00f3n, que se puede hacer varias veces hasta aprobar, como condici\u00f3n para acceder al tema siguiente.<\/span><\/p>\r\n<p><span style=\"color: #000000;\">\r\n\r\n<\/span><\/p>\r\n<p><span style=\"color: #000000;\">Cada actividad se debe aprobar con 6\/10.<\/span><\/p>\r\n<p><span style=\"color: #000000;\">\r\n\r\n<\/span><\/p>\r\n<p><span style=\"color: #000000;\">Se debe aprobar cada cuestionario para acceder el m\u00f3dulo siguiente y\/o entregar el trabajo pr\u00e1ctico previsto, seg\u00fan la programaci\u00f3n de cada m\u00f3dulo.<\/span><\/p>\r\n<p><span style=\"color: #000000;\">\r\n\r\n<\/span><\/p>\r\n<p><span style=\"text-decoration: underline; color: #000000;\"><strong>Dirigido<\/strong><\/span><\/p>\r\n<p><span style=\"color: #000000;\">\r\n\r\n<\/span><\/p>\r\n<p><span style=\"color: #000000;\">Ingenieros\/Licenciados\/T\u00e9cnicos y estudiantes en Higiene y Seguridad en el Trabajo. Profesionales relacionados e interesados en la tem\u00e1tica.<\/span><\/p>\r\n<p><span style=\"color: #000000;\">\r\n\r\n<\/span><\/p>\r\n<p><span style=\"text-decoration: underline; color: #000000;\"><strong>Requisitos<\/strong><\/span><\/p>\r\n<p><span style=\"color: #000000;\">\r\n\r\n<\/span><\/p>\r\n<p><span style=\"color: #000000;\">Conocimientos de incendio y de c\u00e1lculo de carga de fuego.<\/span><\/p>\r\n<p><span style=\"color: #000000;\">\r\n\r\n<\/span><\/p>\r\n<p><span style=\"text-decoration: underline; color: #000000;\"><strong>Duraci\u00f3n del Curso<\/strong><\/span><\/p>\r\n<p><span style=\"color: #000000;\">\r\n\r\n<\/span><\/p>\r\n<p><span style=\"color: #000000;\">Treinta (30) d\u00edas es el tiempo que permanece abierta el sal\u00f3n virtual.<\/span><\/p>\r\n<p><span style=\"color: #000000;\">\r\n\r\n<\/span><\/p>\r\n<p><span style=\"text-decoration: underline; color: #000000;\"><strong>Temario<\/strong><\/span><\/p>\r\n<p><span style=\"color: #000000;\">\r\n\r\n<\/span><\/p>\r\n<ul class=\"wp-block-list\">\r\n<li><span style=\"color: #000000;\">C\u00e1lculo de la Carga de Fuego Ponderada<\/span><\/li>\r\n\r\n\r\n\r\n<li><span style=\"color: #000000;\">Coeficiente de Peligrosidad por Combustibilidad<\/span><\/li>\r\n\r\n\r\n\r\n<li><span style=\"color: #000000;\">Coeficiente de Peligrosidad por Activaci\u00f3n<\/span><\/li>\r\n\r\n\r\n\r\n<li><span style=\"color: #000000;\">C\u00e1lculo para Procesos y Almacenamientos M\u00faltiples<\/span><\/li>\r\n\r\n\r\n\r\n<li><span style=\"color: #000000;\">Establecimientos con Varios Sectores de Incendio<\/span><\/li>\r\n\r\n\r\n\r\n<li><span style=\"color: #000000;\">Riesgo Intr\u00ednseco de Incendio<\/span><\/li>\r\n<\/ul>\r\n<p><span style=\"color: #000000;\">\r\n\r\n<\/span><\/p>\r\n<p><span style=\"text-decoration: underline; color: #000000;\"><strong>Docente y Moderador de la Sala<\/strong><\/span><\/p>\r\n<p><span style=\"color: #000000;\">\r\n\r\n<\/span><\/p>\r\n<p><span style=\"color: #000000;\">Ing. N\u00e9stor Adolfo BOTTA.<\/span><\/p>\r\n<p><span style=\"color: #000000;\">\r\n\r\n<\/span><\/p>\r\n<p><span style=\"color: #000000;\">Consultas a nestor.botta@redproteger.com.ar<\/span><\/p>\r\n<p><span style=\"color: #000000;\">\r\n\r\n<\/span><\/p>\r\n<p><span style=\"text-decoration: underline; color: #000000;\"><strong>Modalidad<\/strong><\/span><\/p>\r\n<p><span style=\"color: #000000;\">\r\n\r\n<\/span><\/p>\r\n<p><span style=\"color: #000000;\">El curso es del tipo virtual a distancia asincr\u00f3nico. Se puede ingresar al sal\u00f3n virtual en el momento que el alumno disponga de tiempo. No hay limitaciones de tiempo dentro del plazo para la culminaci\u00f3n del curso.<\/span><\/p>\r\n<p><span style=\"color: #000000;\">\r\n\r\n<\/span><\/p>\r\n<p><span style=\"color: #000000;\">Se entrega material de lectura digital.<\/span><\/p>\r\n<p><span style=\"color: #000000;\">\r\n\r\n<\/span><\/p>\r\n<p><span style=\"color: #000000;\">Se emite certificado de aprobado digital cuando se cumplan todas las actividades con una nota mayor a 6\/10.<\/span><\/p>\r\n<p><span style=\"color: #000000;\">\r\n\r\n<\/span><\/p>\r\n<p><span style=\"text-decoration: underline; color: #000000;\"><strong>Ingreso a la Sala Virtual<\/strong><\/span><\/p>\r\n<p><span style=\"color: #000000;\">\r\n\r\n<\/span><\/p>\r\n<p><span style=\"color: #000000;\">Una vez acreditado el pago, ser\u00e1 enviado en forma inmediata un email con las instrucciones y la clave de matriculaci\u00f3n para acceder a la Sala, para lo cual se deber\u00e1 realizar el registro en <a style=\"color: #000000;\" href=\"http:\/\/www.salavirtual.com.ar\">www.salavirtual.com.ar<\/a>.<\/span><\/p>\r\n<p><span style=\"color: #000000;\">\r\n\r\n<\/span><\/p>\r\n<p><span style=\"text-decoration: underline; color: #000000;\"><strong>Sobre la Facturaci\u00f3n<\/strong><\/span><\/p>\r\n<p><span style=\"color: #000000;\">\r\n\r\n<\/span><\/p>\r\n<p><span style=\"color: #000000;\">Se emite factura tipo \u00abC\u00bb.<\/span><\/p>\r\n<p><span style=\"color: #000000;\">\r\n\r\n<\/span><\/p>\r\n<p><span style=\"color: #000000;\">Opci\u00f3n de abonar en D\u00f3lares v\u00eda <strong><em>Paypal<\/em><\/strong> para los que no pueden abonar en pesos argentinos (solicitar link de pago a <a style=\"color: #000000;\" href=\"mailto:info@salavirtual.com.ar\">info@salavirtual.com.ar<\/a>).<\/span><\/p>\r\n","protected":false},"excerpt":{"rendered":"<p><span style=\"color: #000000;\">Comprender el concepto y el proceso de c\u00e1lculo de la carga de fuego ponderada.<\/span><\/p>\n","protected":false},"featured_media":1142,"comment_status":"open","ping_status":"closed","template":"","meta":{"jetpack_publicize_message":"","jetpack_publicize_feature_enabled":true,"jetpack_social_post_already_shared":false,"jetpack_social_options":{"image_generator_settings":{"template":"highway","default_image_id":0,"font":"","enabled":false},"version":2}},"product_brand":[414],"product_cat":[16],"product_tag":[345,339,340],"class_list":{"0":"post-177","1":"product","2":"type-product","3":"status-publish","4":"has-post-thumbnail","6":"product_brand-redproteger","7":"product_cat-extintores-portatiles","8":"product_tag-carga-de-fuego","9":"product_tag-extintores","10":"product_tag-matafuegos","12":"first","13":"instock","14":"virtual","15":"sold-individually","16":"purchasable","17":"product-type-simple"},"jetpack_publicize_connections":[],"jetpack_sharing_enabled":true,"jetpack_likes_enabled":true,"_links":{"self":[{"href":"https:\/\/www.salavirtual.com.ar\/plataformaz\/wp-json\/wp\/v2\/product\/177","targetHints":{"allow":["GET"]}}],"collection":[{"href":"https:\/\/www.salavirtual.com.ar\/plataformaz\/wp-json\/wp\/v2\/product"}],"about":[{"href":"https:\/\/www.salavirtual.com.ar\/plataformaz\/wp-json\/wp\/v2\/types\/product"}],"replies":[{"embeddable":true,"href":"https:\/\/www.salavirtual.com.ar\/plataformaz\/wp-json\/wp\/v2\/comments?post=177"}],"wp:featuredmedia":[{"embeddable":true,"href":"https:\/\/www.salavirtual.com.ar\/plataformaz\/wp-json\/wp\/v2\/media\/1142"}],"wp:attachment":[{"href":"https:\/\/www.salavirtual.com.ar\/plataformaz\/wp-json\/wp\/v2\/media?parent=177"}],"wp:term":[{"taxonomy":"product_brand","embeddable":true,"href":"https:\/\/www.salavirtual.com.ar\/plataformaz\/wp-json\/wp\/v2\/product_brand?post=177"},{"taxonomy":"product_cat","embeddable":true,"href":"https:\/\/www.salavirtual.com.ar\/plataformaz\/wp-json\/wp\/v2\/product_cat?post=177"},{"taxonomy":"product_tag","embeddable":true,"href":"https:\/\/www.salavirtual.com.ar\/plataformaz\/wp-json\/wp\/v2\/product_tag?post=177"}],"curies":[{"name":"wp","href":"https:\/\/api.w.org\/{rel}","templated":true}]}}

CURSO #33: Cálculo de Carga de Fuego Ponderada

<p><span style="text-decoration: underline; color: #000000;"><strong>Objetivo</strong></span></p>
<p><span style="color: #000000;">

</span></p>
<p><span style="color: #000000;">Comprender el concepto y el proceso de cálculo de la carga de fuego ponderada.</span></p>
<p><span style="color: #000000;">

</span></p>
<p><span style="text-decoration: underline; color: #000000;"><strong>Metodología</strong></span></p>
<p><span style="color: #000000;">

</span></p>
<p><span style="color: #000000;">El curso está dividido en cuatro (4) módulos. Cada módulo trata un sólo concepto de forma tal que progresivamente se pueda ir construyendo una idea del tema, además, de poder ir progresando en el curso de a etapas cortas.</span></p>
<p><span style="color: #000000;">

</span></p>
<p><span style="color: #000000;">Están previstos tres (3) trabajos prácticos y un (1) trabajo práctico final.</span></p>
<p><span style="color: #000000;">

</span></p>
<p><span style="color: #000000;">Cada tema tiene una evaluación, que se puede hacer varias veces hasta aprobar, como condición para acceder al tema siguiente.</span></p>
<p><span style="color: #000000;">

</span></p>
<p><span style="color: #000000;">Cada actividad se debe aprobar con 6/10.</span></p>
<p><span style="color: #000000;">

</span></p>
<p><span style="color: #000000;">Se debe aprobar cada cuestionario para acceder el módulo siguiente y/o entregar el trabajo práctico previsto, según la programación de cada módulo.</span></p>
<p><span style="color: #000000;">

</span></p>
<p><span style="text-decoration: underline; color: #000000;"><strong>Dirigido</strong></span></p>
<p><span style="color: #000000;">

</span></p>
<p><span style="color: #000000;">Ingenieros/Licenciados/Técnicos y estudiantes en Higiene y Seguridad en el Trabajo. Profesionales relacionados e interesados en la temática.</span></p>
<p><span style="color: #000000;">

</span></p>
<p><span style="text-decoration: underline; color: #000000;"><strong>Requisitos</strong></span></p>
<p><span style="color: #000000;">

</span></p>
<p><span style="color: #000000;">Conocimientos de incendio y de cálculo de carga de fuego.</span></p>
<p><span style="color: #000000;">

</span></p>
<p><span style="text-decoration: underline; color: #000000;"><strong>Duración del Curso</strong></span></p>
<p><span style="color: #000000;">

</span></p>
<p><span style="color: #000000;">Treinta (30) días es el tiempo que permanece abierta el salón virtual.</span></p>
<p><span style="color: #000000;">

</span></p>
<p><span style="text-decoration: underline; color: #000000;"><strong>Temario</strong></span></p>
<p><span style="color: #000000;">

</span></p>
<ul class="wp-block-list">
<li><span style="color: #000000;">Cálculo de la Carga de Fuego Ponderada</span></li>



<li><span style="color: #000000;">Coeficiente de Peligrosidad por Combustibilidad</span></li>



<li><span style="color: #000000;">Coeficiente de Peligrosidad por Activación</span></li>



<li><span style="color: #000000;">Cálculo para Procesos y Almacenamientos Múltiples</span></li>



<li><span style="color: #000000;">Establecimientos con Varios Sectores de Incendio</span></li>



<li><span style="color: #000000;">Riesgo Intrínseco de Incendio</span></li>
</ul>
<p><span style="color: #000000;">

</span></p>
<p><span style="text-decoration: underline; color: #000000;"><strong>Docente y Moderador de la Sala</strong></span></p>
<p><span style="color: #000000;">

</span></p>
<p><span style="color: #000000;">Ing. Néstor Adolfo BOTTA.</span></p>
<p><span style="color: #000000;">

</span></p>
<p><span style="color: #000000;">Consultas a nestor.botta@redproteger.com.ar</span></p>
<p><span style="color: #000000;">

</span></p>
<p><span style="text-decoration: underline; color: #000000;"><strong>Modalidad</strong></span></p>
<p><span style="color: #000000;">

</span></p>
<p><span style="color: #000000;">El curso es del tipo virtual a distancia asincrónico. Se puede ingresar al salón virtual en el momento que el alumno disponga de tiempo. No hay limitaciones de tiempo dentro del plazo para la culminación del curso.</span></p>
<p><span style="color: #000000;">

</span></p>
<p><span style="color: #000000;">Se entrega material de lectura digital.</span></p>
<p><span style="color: #000000;">

</span></p>
<p><span style="color: #000000;">Se emite certificado de aprobado digital cuando se cumplan todas las actividades con una nota mayor a 6/10.</span></p>
<p><span style="color: #000000;">

</span></p>
<p><span style="text-decoration: underline; color: #000000;"><strong>Ingreso a la Sala Virtual</strong></span></p>
<p><span style="color: #000000;">

</span></p>
<p><span style="color: #000000;">Una vez acreditado el pago, será enviado en forma inmediata un email con las instrucciones y la clave de matriculación para acceder a la Sala, para lo cual se deberá realizar el registro en <a style="color: #000000;" href="http://www.salavirtual.com.ar">www.salavirtual.com.ar</a>.</span></p>
<p><span style="color: #000000;">

</span></p>
<p><span style="text-decoration: underline; color: #000000;"><strong>Sobre la Facturación</strong></span></p>
<p><span style="color: #000000;">

</span></p>
<p><span style="color: #000000;">Se emite factura tipo «C».</span></p>
<p><span style="color: #000000;">

</span></p>
<p><span style="color: #000000;">Opción de abonar en Dólares vía <strong><em>Paypal</em></strong> para los que no pueden abonar en pesos argentinos (solicitar link de pago a <a style="color: #000000;" href="mailto:info@salavirtual.com.ar">info@salavirtual.com.ar</a>).</span></p>

<p><span style="color: #000000;">Comprender el concepto y el proceso de cálculo de la carga de fuego ponderada.</span></p>
